	(1314,'en-US','Verify photos {0}'),
	(1314,'es-ES','Verificar fotos {0}'),
	(1314,'fr-FR','Vérifier les photos {0}'),
	(1314,'it-IT','Verifica foto {0}'),
	(1314,'ru-RU','Проверить фото {0}'),
	(1315,'ar-AR','تم التحقق من جميع الصور'),
	(1315,'cs-CZ','Všechny fotografie jsou ověřeny'),
	(1315,'de-DE','Alle Fotos werden überprüft'),
	(1315,'en-US','All photos are verified'),
	(1315,'es-ES','Todas las fotos están verificadas.'),
	(1315,'fr-FR','Toutes les photos sont vérifiées'),
	(1315,'it-IT','Tutte le foto sono verificate'),
	(1315,'ru-RU','Все фото проверены'),
	(1316,'ar-AR','تم الإبلاغ عن المستخدمين'),
	(1316,'cs-CZ','Hlášení uživatelé'),
	(1316,'de-DE','Gemeldete Benutzer'),
	(1316,'en-US','Reported users'),
	(1316,'es-ES','Usuarios reportados'),
	(1316,'fr-FR','Utilisateurs signalés'),
	(1316,'it-IT','Utenti segnalati'),
	(1316,'ru-RU','Пользователи с жалобами'),
	(1317,'ar-AR','عرض التقارير {0}'),
	(1317,'cs-CZ','Zobrazit přehledy {0}'),
	(1317,'de-DE','Berichte anzeigen {0}'),
	(1317,'en-US','View reports {0}'),
	(1317,'es-ES','Ver informes {0}'),
	(1317,'fr-FR','Afficher les rapports {0}'),
	(1317,'it-IT','Visualizza rapporti {0}'),
	(1317,'ru-RU','Просмотреть жалобы'),
	(1318,'ar-AR','تتم مراجعة جميع التقارير'),
	(1318,'cs-CZ','Všechny zprávy jsou zkontrolovány'),
	(1318,'de-DE','Alle Berichte werden überprüft'),
	(1318,'en-US','All reports are reviewed'),
	(1318,'es-ES','Todos los informes se revisan'),
	(1318,'fr-FR','Tous les rapports sont examinés'),
	(1318,'it-IT','Tutti i rapporti vengono esaminati'),
	(1318,'ru-RU','Все жалобы рассмотрены'),
	(1319,'ar-AR','طلبات التحقق'),
	(1319,'cs-CZ','Žádosti o ověření'),
	(1319,'de-DE','Überprüfungsanfragen'),
	(1319,'en-US','Verification requests'),
	(1319,'es-ES','Solicitudes de verificación'),
	(1319,'fr-FR','Demandes de vérification'),
	(1319,'it-IT','Richieste di verifica'),
	(1319,'ru-RU','Запросы верификации'),
	(1320,'ar-AR','عرض الطلبات {0}'),
	(1320,'cs-CZ','Zobrazit žádosti {0}'),
	(1320,'de-DE','Anfragen anzeigen {0}'),
	(1320,'en-US','View requests {0}'),
	(1320,'es-ES','Ver solicitudes {0}'),
	(1320,'fr-FR','Afficher les demandes {0}'),
	(1320,'it-IT','Visualizza richieste {0}'),
	(1320,'ru-RU','Просмотр запросов {0}'),
	(1321,'ar-AR','تتم مراجعة جميع الطلبات'),
	(1321,'cs-CZ','Všechny žádosti jsou zkontrolovány'),
	(1321,'de-DE','Alle Anfragen werden geprüft'),
	(1321,'en-US','All requests are reviewed'),
	(1321,'es-ES','Todas las solicitudes son revisadas'),
	(1321,'fr-FR','Toutes les demandes sont examinées'),
	(1321,'it-IT','Tutte le richieste vengono esaminate'),
	(1321,'ru-RU','Все запросы просмотрены'),
	(1322,'ar-AR','لا توجد مهام لك حتى الآن'),
	(1322,'cs-CZ','Zatím pro vás žádné úkoly'),
	(1322,'de-DE','Noch keine Aufgaben für Sie'),
	(1322,'en-US','No tasks for you yet'),
	(1322,'es-ES','Aún no tienes tareas'),
	(1322,'fr-FR','Aucune tâche pour vous pour le moment'),
	(1322,'it-IT','Nessuna attività per te ancora'),
	(1322,'ru-RU','У вас пока нет задач'),
	(1323,'ar-AR','أرباح'),
	(1323,'cs-CZ','Zisk'),
	(1323,'de-DE','Verdienste'),
	(1323,'en-US','Earnings'),
	(1323,'es-ES','Ganancias'),
	(1323,'fr-FR','Gains'),
	(1323,'it-IT','Guadagni'),
	(1323,'ru-RU','Прибыль'),
	(1324,'ar-AR','ربح'),
	(1324,'cs-CZ','Zisk'),
	(1324,'de-DE','Profitieren'),
	(1324,'en-US','Profit'),
	(1324,'es-ES','Lucro'),
	(1324,'fr-FR','Profit'),
	(1324,'it-IT','Profitto'),
	(1324,'ru-RU','Прибыль'),
	(1325,'ar-AR','نسخة PHP قديمة'),
	(1325,'cs-CZ','Zastaralá verze PHP'),
	(1325,'de-DE','Veraltete PHP-Version'),
	(1325,'en-US','Outdated PHP version'),
	(1325,'es-ES','Versión PHP desactualizada'),
	(1325,'fr-FR','Version PHP obsolète'),
	(1325,'it-IT','Versione PHP obsoleta'),
	(1325,'ru-RU','Устаревшая версия PHP'),
	(1326,'ar-AR','تم الرفض'),
	(1326,'cs-CZ','Přístup odepřen'),
	(1326,'de-DE','Zugriff abgelehnt'),
	(1326,'en-US','Access denied'),
	(1326,'es-ES','Acceso denegado'),
	(1326,'fr-FR','Accès refusé'),
	(1326,'it-IT','Accesso negato'),
	(1326,'ru-RU','Доступ запрещен'),
	(1327,'ar-AR','كتلة المرسل'),
	(1327,'cs-CZ','Blokovat odesílatele'),
	(1327,'de-DE','Absender blockieren'),
	(1327,'en-US','Block sender'),
	(1327,'es-ES','Bloquear remitente'),
	(1327,'fr-FR','Bloquer l\'expéditeur'),
	(1327,'it-IT','Blocca mittente'),
	(1327,'ru-RU','Заблокировать отправителя'),
	(1328,'ar-AR','هل أنت متأكد من أنك تريد منع هذا المستخدم؟'),
	(1328,'cs-CZ','Opravdu chcete tohoto uživatele zablokovat?'),
	(1328,'de-DE','Möchten Sie diesen Benutzer wirklich blockieren?'),
	(1328,'en-US','Are you sure want to block this user?'),
	(1328,'es-ES','¿Estás seguro de que quieres bloquear a este usuario?'),
	(1328,'fr-FR','Voulez-vous vraiment bloquer cet utilisateur?'),
	(1328,'it-IT','Sei sicuro di voler bloccare questo utente?'),
	(1328,'ru-RU','Вы действительно хотите заблокировать этого пользователя?'),
	(1329,'ar-AR','مسؤل'),
	(1329,'cs-CZ','Správce'),
	(1329,'de-DE','Administrator'),
	(1329,'en-US','Admin'),
	(1329,'es-ES','Administrador'),
	(1329,'fr-FR','Administrateur'),
	(1329,'it-IT','Admin'),
	(1329,'ru-RU','Админ'),
	(1330,'ar-AR','استعلام بحث'),
	(1330,'cs-CZ','Vyhledávací dotaz'),
	(1330,'de-DE','Suchanfrage'),
	(1330,'en-US','Search query'),
	(1330,'es-ES','Consulta de busqueda'),
	(1330,'fr-FR','Requête de recherche'),
	(1330,'it-IT','Query di ricerca'),
	(1330,'ru-RU','Поиск'),
	(1331,'ar-AR','الوضع المظلم'),
	(1331,'cs-CZ','Tmavý režim'),
	(1331,'de-DE','Dunkler Modus'),
	(1331,'en-US','Dark mode'),
	(1331,'es-ES','Modo oscuro'),
	(1331,'fr-FR','Mode sombre'),
	(1331,'it-IT','Modalità scura'),
	(1331,'ru-RU','Темный режим'),
	(1332,'ar-AR','تحديث سجل الحظر'),
	(1332,'cs-CZ','Aktualizovat záznam o zákazu'),
	(1332,'de-DE','Verbotsdatensatz aktualisieren'),
	(1332,'en-US','Update ban record'),
	(1332,'es-ES','Actualizar registro de prohibición'),
	(1332,'fr-FR','Mettre à jour l\'enregistrement d\'interdiction'),
	(1332,'it-IT','Aggiorna il record di esclusione'),
	(1332,'ru-RU','Обновить запись бана'),
	(1333,'ar-AR','إدارة عمليات الحظر'),
	(1333,'cs-CZ','Spravovat zákazy'),
	(1333,'de-DE','Verbote verwalten'),
	(1333,'en-US','Manage bans'),
	(1333,'es-ES','Administrar prohibiciones'),
	(1333,'fr-FR','Gérer les interdictions'),
	(1333,'it-IT','Gestisci i divieti'),
	(1333,'ru-RU','Управление банами'),
	(1334,'ar-AR','هل أنت متأكد أنك تريد حذف سجل الحظر هذا؟'),
	(1334,'cs-CZ','Opravdu chcete smazat tento záznam o zákazu?'),
	(1334,'de-DE','Möchten Sie diesen Verbotsdatensatz wirklich löschen?'),
	(1334,'en-US','Are you sure want to delete this ban record?'),
	(1334,'es-ES','¿Está seguro de que desea eliminar este registro de prohibición?'),
	(1334,'fr-FR','Voulez-vous vraiment supprimer cet enregistrement d\'interdiction?'),
	(1334,'it-IT','Sei sicuro di voler eliminare questo record di esclusione?'),
	(1334,'ru-RU','Вы действительно хотите удалить эту запись бана?'),
	(1335,'ar-AR','إضافة سجل الحظر'),
	(1335,'cs-CZ','Přidat záznam o zákazu'),
	(1335,'de-DE','Verbotsdatensatz hinzufügen'),
	(1335,'en-US','Add ban record'),
	(1335,'es-ES','Agregar registro de prohibición'),
	(1335,'fr-FR','Ajouter un enregistrement d\'interdiction'),
	(1335,'it-IT','Aggiungi record di esclusione'),
	(1335,'ru-RU','Добавить запись бана'),
	(1336,'ar-AR','مثال: 192.168.0.130 ، 10.0.0.0/24'),
	(1336,'cs-CZ','Příklad: 192.168.0.130, 10.0.0.0/24'),
	(1336,'de-DE','Beispiel: 192.168.0.130, 10.0.0.0/24'),
	(1336,'en-US','Example: 192.168.0.130, 10.0.0.0/24'),
	(1336,'es-ES','Ejemplo: 192.168.0.130, 10.0.0.0/24'),
	(1336,'fr-FR','Exemple: 192.168.0.130, 10.0.0.0/24'),
	(1336,'it-IT','Esempio: 192.168.0.130, 10.0.0.0/24'),
	(1336,'ru-RU','Например, 192.168.0.130, 10.0.0.0/24'),
	(1337,'ar-AR','قائمة الحظر'),
	(1337,'cs-CZ','Seznam zákazů'),
	(1337,'de-DE','Verbotsliste'),
	(1337,'en-US','Bans list'),
	(1337,'es-ES','Lista de prohibiciones'),
	(1337,'fr-FR','Liste des interdictions'),
	(1337,'it-IT','Elenco dei divieti'),
	(1337,'ru-RU','Список банов'),
	(1338,'ar-AR','تحديث عنصر المساعدة'),
	(1338,'cs-CZ','Aktualizovat položku nápovědy'),
	(1338,'de-DE','Hilfeartikel aktualisieren'),
	(1338,'en-US','Update help item'),
	(1338,'es-ES','Actualizar elemento de ayuda'),
	(1338,'fr-FR','Mettre à jour l\'élément d\'aide'),
	(1338,'it-IT','Aggiorna elemento della guida'),
	(1338,'ru-RU','Обновить элемент справки'),
	(1339,'ar-AR','إدارة المساعدة'),
	(1339,'cs-CZ','Spravovat pomoc'),
	(1339,'de-DE','Hilfe verwalten'),
	(1339,'en-US','Manage help'),
	(1339,'es-ES','Administrar ayuda'),
	(1339,'fr-FR','Manage help'),
	(1339,'it-IT','Gestisci aiuto'),
	(1339,'ru-RU','Управление справкой'),
	(1340,'ar-AR','غير نشيط'),
	(1340,'cs-CZ','Neaktivní'),
	(1340,'de-DE','Nicht aktiv'),
	(1340,'en-US','Not active'),
	(1340,'es-ES','No activo'),
	(1340,'fr-FR','Pas actif'),
	(1340,'it-IT','Non attivo'),
	(1340,'ru-RU','Не активно'),
	(1341,'ar-AR','هل أنت متأكد من أنك تريد حذف عنصر المساعدة هذا؟'),
	(1341,'cs-CZ','Opravdu chcete tuto položku nápovědy smazat?'),
	(1341,'de-DE','Möchten Sie diesen Hilfeartikel wirklich löschen?'),
	(1341,'en-US','Are you sure want to delete this Help item?'),
	(1341,'es-ES','¿Está seguro de que desea eliminar este elemento de ayuda?'),
	(1341,'fr-FR','Voulez-vous vraiment supprimer cet élément d\'aide?'),
	(1341,'it-IT','Sei sicuro di voler eliminare questo elemento della Guida?'),
	(1341,'ru-RU','Вы действительно хотите удалить этот элемент справки?'),
	(1342,'ar-AR','إنشاء عنصر مساعدة'),
	(1342,'cs-CZ','Vytvořte položku nápovědy'),
	(1342,'de-DE','Hilfeartikel erstellen'),
	(1342,'en-US','Create help item'),
	(1342,'es-ES','Crear elemento de ayuda'),
	(1342,'fr-FR','Créer un élément d\'aide'),
	(1342,'it-IT','Crea elemento della guida'),
	(1342,'ru-RU','Создать элемент справки'),
	(1343,'ar-AR','معلومات عامة'),
	(1343,'cs-CZ','Obecné informace'),
	(1343,'de-DE','Allgemeine Information'),
	(1343,'en-US','General info'),
	(1343,'es-ES','Información general'),
	(1343,'fr-FR','Informations générales'),
	(1343,'it-IT','Informazioni generali'),
	(1343,'ru-RU','Общая информация'),
	(1344,'ar-AR','إنشاء فئة المساعدة'),
	(1344,'cs-CZ','Vytvořte kategorii nápovědy'),
	(1344,'de-DE','Hilfekategorie erstellen'),
	(1344,'en-US','Create help category'),
	(1344,'es-ES','Crear categoría de ayuda'),
	(1344,'fr-FR','Créer une catégorie d\'aide'),
	(1344,'it-IT','Crea una categoria di aiuto'),
	(1344,'ru-RU','Создать категорию справки'),
	(1345,'ar-AR','إدارة فئات المساعدة'),
	(1345,'cs-CZ','Spravujte kategorie nápovědy'),
	(1345,'de-DE','Hilfekategorien verwalten'),
	(1345,'en-US','Manage help categories'),
	(1345,'es-ES','Gestionar categorías de ayuda'),
	(1345,'fr-FR','Gérer les catégories d\'aide'),
	(1345,'it-IT','Gestisci le categorie di aiuto'),
	(1345,'ru-RU','Управление справкой'),
	(1346,'ar-AR','هل أنت متأكد من أنك تريد حذف فئة المساعدة هذه؟'),
	(1346,'cs-CZ','Opravdu chcete tuto kategorii nápovědy smazat?'),
	(1346,'de-DE','Möchten Sie diese Hilfekategorie wirklich löschen?'),
	(1346,'en-US','Are you sure want to delete this help category?'),
	(1346,'es-ES','¿Está seguro de que desea eliminar esta categoría de ayuda?'),
	(1346,'fr-FR','Gérer les catégories d\'aide'),
	(1346,'it-IT','Sei sicuro di voler eliminare questa categoria di aiuto?'),
	(1346,'ru-RU','Вы действительно хотите удалить эту категорию справки?'),
	(1347,'ar-AR','بالنسبة للرموز ، استخدم أحد هذه الرموز'),
	(1347,'cs-CZ','U ikon použijte jednu z nich'),
	(1347,'de-DE','Verwenden Sie für Symbole eines dieser Symbole'),
	(1347,'en-US','For icons use one of these'),
	(1347,'es-ES','Para los iconos, utilice uno de estos'),
	(1347,'fr-FR','Pour les icônes, utilisez l\'un de ces'),
	(1347,'it-IT','Per le icone usa uno di questi'),
	(1347,'ru-RU','Для иконок используйте одну из'),
	(1348,'ar-AR','اسم الرمز بدون البادئة \"fe fe-\". على سبيل المثال'),
	(1348,'cs-CZ','Název ikony bez předpony „fe fe-“. Například'),
	(1348,'de-DE','Symbolname ohne Präfix \"fe fe-\". Zum Beispiel'),
	(1348,'en-US','Icon name without \"fe fe-\" prefix. For example'),
	(1348,'es-ES','Nombre del icono sin el prefijo \"fe fe-\". Por ejemplo'),
	(1348,'fr-FR','Nom de l\'icône sans préfixe \"fe fe-\". Par exemple'),
	(1348,'it-IT','Nome dell\'icona senza prefisso \"fe fe-\". Per esempio'),
	(1348,'ru-RU','Название иконки без \"fe fe-\" префикса. Например'),
	(1349,'ar-AR','تحديث فئة المساعدة'),
	(1349,'cs-CZ','Aktualizujte kategorii nápovědy'),
	(1349,'de-DE','Hilfekategorie aktualisieren'),
	(1349,'en-US','Update help category'),
	(1349,'es-ES','Actualizar categoría de ayuda'),
	(1349,'fr-FR','Mettre à jour la catégorie d\'aide'),
	(1349,'it-IT','Aggiorna la categoria della guida'),
	(1349,'ru-RU','Обновление категории справки'),
	(1350,'ar-AR','العناصر'),
	(1350,'cs-CZ','Položky'),
	(1350,'de-DE','Artikel'),
	(1350,'en-US','Items'),
	(1350,'es-ES','Artículos'),
	(1350,'fr-FR','Articles'),
	(1350,'it-IT','Elementi'),
	(1350,'ru-RU','Элементы'),
	(1351,'ar-AR','إنشاء العنصر'),
	(1351,'cs-CZ','Vytvořit položku'),
	(1351,'de-DE','Element erstellen'),
	(1351,'en-US','Create item'),
	(1351,'es-ES','Crear artículo'),
	(1351,'fr-FR','Créer un article'),
	(1351,'it-IT','Crea oggetto'),
	(1351,'ru-RU','Создать элемент'),
	(1352,'ar-AR','إنشاء فئة'),
	(1352,'cs-CZ','Vytvořit kategorii'),
	(1352,'de-DE','Kategorie erstellen'),
	(1352,'en-US','Create category'),
	(1352,'es-ES','Crear categoría'),
	(1352,'fr-FR','Créer une catégorie'),
	(1352,'it-IT','Crea categoria'),
	(1352,'ru-RU','Создать категорию'),
	(1353,'ar-AR','في تقدم'),
	(1353,'cs-CZ','Probíhá'),
	(1353,'de-DE','In Bearbeitung'),
	(1353,'en-US','In progress'),
	(1353,'es-ES','En progreso'),
	(1353,'fr-FR','En cours'),
	(1353,'it-IT','In corso'),
	(1353,'ru-RU','В процессе'),
	(1354,'ar-AR','مكتمل'),
	(1354,'cs-CZ','Dokončeno'),
	(1354,'de-DE','Abgeschlossen'),
	(1354,'en-US','Completed'),
	(1354,'es-ES','Terminado'),
	(1354,'fr-FR','Complété'),
	(1354,'it-IT','Completato'),
	(1354,'ru-RU','Завершено'),
	(1355,'ar-AR','ألغيت'),
	(1355,'cs-CZ','Zrušeno'),
	(1355,'de-DE','Abgebrochen'),
	(1355,'en-US','Cancelled'),
	(1355,'es-ES','Cancelado'),
	(1355,'fr-FR','Annulé'),
	(1355,'it-IT','Annullato'),
	(1355,'ru-RU','Отменено'),
	(1356,'ar-AR','الحد الأقصى للصور لكل ملف شخصي هو {0}'),
	(1356,'cs-CZ','Maximální počet fotografií na profil je {0}'),
	(1356,'de-DE','Die maximale Anzahl von Fotos pro Profil beträgt {0}'),
	(1356,'en-US','Maximum photos per profile is {0}'),
	(1356,'es-ES','El número máximo de fotos por perfil es {0}'),
	(1356,'fr-FR','Le nombre maximum de photos par profil est de {0}'),
	(1356,'it-IT','Il numero massimo di foto per profilo è {0}'),
	(1356,'ru-RU','Максимум фото на профиль {0}'),
	(1357,'ar-AR','النظام الافتراضي'),
	(1357,'cs-CZ','Výchozí systém'),
	(1357,'de-DE','System default'),
	(1357,'en-US','System default'),
	(1357,'es-ES','Sistema por defecto'),
	(1357,'fr-FR','Défaut du système'),
	(1357,'it-IT','Default del sistema'),
	(1357,'ru-RU','По-умолчанию'),
	(1358,'ar-AR','وضع الضوء'),
	(1358,'cs-CZ','Světelný režim'),
	(1358,'de-DE','Lichtmodus'),
	(1358,'en-US','Light mode'),
	(1358,'es-ES','Modo de luz'),
	(1358,'fr-FR','Mode lumière'),
	(1358,'it-IT','Modalità luce'),
	(1358,'ru-RU','Светлый режим'),
	(1359,'ar-AR','نفدت اعتماداتك: {upgradeLink}'),
	(1359,'cs-CZ','vám došly kredity: {upgradeLink}'),
	(1359,'de-DE','Sie haben keine Credits mehr: {upgradeLink}'),
	(1359,'en-US','youre out of credits: {upgradeLink}'),
	(1359,'es-ES','se ha quedado sin créditos: {upgradeLink}'),
	(1359,'fr-FR','vous n\'avez plus de crédits: {upgradeLink}'),
	(1359,'it-IT','hai esaurito i crediti: {upgrade Link}'),
	(1359,'ru-RU','у вас нет кредитов: {upgradeLink}'),
	(1360,'ar-AR','الحصول على المزيد من الائتمانات'),
	(1360,'cs-CZ','získejte více kreditů'),
	(1360,'de-DE','Holen Sie sich mehr Credits'),
	(1360,'en-US','get more credits'),
	(1360,'es-ES','obtener más créditos'),
	(1360,'fr-FR','obtenir plus de crédits'),
	(1360,'it-IT','ottenere più crediti'),
	(1360,'ru-RU','получить больше кредитов'),
	(1361,'ar-AR','سعر الرسالة'),
	(1361,'cs-CZ','Cena zprávy'),
	(1361,'de-DE','Nachrichtenpreis'),
	(1361,'en-US','Message Price'),
	(1361,'es-ES','Precio del mensaje'),
	(1361,'fr-FR','Prix du message'),
	(1361,'it-IT','Prezzo del messaggio'),
	(1361,'ru-RU','Цена за сообщение'),
	(1362,'ar-AR','ضع 0 للرسائل المجانية'),
	(1362,'cs-CZ','Nastavte 0 pro bezplatné zprávy'),
	(1362,'de-DE','Setzen Sie 0 für kostenlose Nachrichten'),
	(1362,'en-US','Set 0 for free messages'),
	(1362,'es-ES','Establecer 0 para mensajes gratuitos'),
	(1362,'fr-FR','Définir 0 pour les messages gratuits'),
	(1362,'it-IT','Imposta 0 per i messaggi gratuiti'),
	(1362,'ru-RU','Установите 0 для бесплатных сообщений'),
	(1363,'ar-AR','أنت بحاجة إلى حالة مميزة لإرسال رسائل خاصة. {upgradeLink}'),
	(1363,'cs-CZ','K odesílání soukromých zpráv potřebujete prémiový stav. {upgradeLink}'),
	(1363,'de-DE','Sie benötigen den Premium-Status, um private Nachrichten zu senden. {upgradeLink}'),
	(1363,'en-US','You need premium status to send private messages. {upgradeLink}'),
	(1363,'es-ES','Necesita un estado premium para enviar mensajes privados. {upgradeLink}'),
	(1363,'fr-FR','Vous avez besoin du statut Premium pour envoyer des messages privés. {upgradeLink}'),
	(1363,'it-IT','Hai bisogno dello stato premium per inviare messaggi privati. {upgradeLink}'),
	(1363,'ru-RU','Вам необходим премум статус для отправки сообщений. {upgradeLink}'),
	(1364,'ar-AR','الترقية إلى المميزة'),
	(1364,'cs-CZ','Upgradujte na prémiovou verzi'),
	(1364,'de-DE','Auf Premium upgraden'),
	(1364,'en-US','Upgrade to premium'),
	(1364,'es-ES','Mejorado a Premium'),
	(1364,'fr-FR','Passer à la version premium'),
	(1364,'it-IT','Passa a premium'),
	(1364,'ru-RU','Обновить премиум аккаунт'),
	(1365,'ar-AR','لقد وصلت إلى حد الرسائل اليومية'),
	(1365,'cs-CZ','Dosáhli jste denního limitu zpráv'),
	(1365,'de-DE','Sie haben das tägliche Nachrichtenlimit erreicht'),
	(1365,'en-US','You have reached daily messages limit'),
	(1365,'es-ES','Has alcanzado el límite de mensajes diarios'),
	(1365,'fr-FR','Vous avez atteint la limite de messages quotidiens'),
	(1365,'it-IT','Hai raggiunto il limite di messaggi giornalieri'),
	(1365,'ru-RU','Вы достигли лимита отправки сообщений (день)'),
	(1367,'ar-AR','لقد وصلت إلى الحد الأقصى للرسائل اليومية لهذه المحادثة'),
	(1367,'cs-CZ','Dosáhli jste denního limitu počtu zpráv pro tuto konverzaci'),
	(1367,'de-DE','Sie haben das tägliche Nachrichtenlimit für diese Konversation erreicht'),
	(1367,'en-US','You have reached daily messages limit for this conversation'),
	(1367,'es-ES','Has alcanzado el límite de mensajes diarios para esta conversación.'),
	(1367,'fr-FR','Vous avez atteint la limite quotidienne de messages pour cette conversation'),
	(1367,'it-IT','Hai raggiunto il limite di messaggi giornalieri per questa conversazione'),
	(1367,'ru-RU','Вы достигли лимита отправки сообщений в этом диалоге'),
	(1368,'ar-AR','لقد وصلت إلى الحد الأقصى للرسائل اليومية لهذه المحادثة. {upgradeLink}'),
	(1368,'cs-CZ','Dosáhli jste denního limitu počtu zpráv pro tuto konverzaci. {upgradeLink}'),
	(1368,'de-DE','Sie haben das tägliche Nachrichtenlimit für diese Konversation erreicht. {upgradeLink}'),
	(1368,'en-US','You have reached daily messages limit for this conversation. {upgradeLink}'),
	(1368,'es-ES','Has alcanzado el límite de mensajes diarios para esta conversación. {upgradeLink}'),
	(1368,'fr-FR','Vous avez atteint la limite quotidienne de messages pour cette conversation. {upgradeLink}'),
	(1368,'it-IT','Hai raggiunto il limite di messaggi giornalieri per questa conversazione. {upgradeLink}'),
	(1368,'ru-RU','Вы достигли лимита сообщений на день в этом диалоге. {upgradeLink}'),
	(1369,'ar-AR','يُسمح فقط للمستخدمين المتميزين بإرسال الرسائل'),
	(1369,'cs-CZ','Zprávy mohou odesílat pouze prémioví uživatelé'),
	(1369,'de-DE','Nur Premium-Benutzer dürfen Nachrichten senden'),
	(1369,'en-US','Only premium users are allowed to send messages'),
	(1369,'es-ES','Solo los usuarios premium pueden enviar mensajes'),
	(1369,'fr-FR','Seuls les utilisateurs premium sont autorisés à envoyer des messages'),
	(1369,'it-IT','Solo gli utenti premium possono inviare messaggi'),
	(1369,'ru-RU','Только премиум пользователи могут отправлять сообщения'),
	(1370,'ar-AR','الحد الأقصى للرسائل لكل محادثة (خطة مجانية)'),
	(1370,'cs-CZ','Maximální počet zpráv na chat (bezplatný tarif)'),
	(1370,'de-DE','Maximale Anzahl von Nachrichten pro Chat (kostenloser Plan)'),
	(1370,'en-US','Maximum messages per chat (free plan)'),
	(1370,'es-ES','Número máximo de mensajes por chat (plan gratuito)'),
	(1370,'fr-FR','Maximum de messages par chat (plan gratuit)'),
	(1370,'it-IT','Numero massimo di messaggi per chat (piano gratuito)'),
	(1370,'ru-RU','Максимум сообщений на диалог (бесплатно)'),
	(1371,'ar-AR','قم بتعيين 0 للرسائل غير المحدودة'),
	(1371,'cs-CZ','Nastavte 0 pro neomezený počet zpráv'),
	(1371,'de-DE','Setzen Sie 0 für unbegrenzte Nachrichten'),
	(1371,'en-US','Set 0 for unlimited messages'),
	(1371,'es-ES','Establecer 0 para mensajes ilimitados'),
	(1371,'fr-FR','Définir 0 pour des messages illimités'),
	(1371,'it-IT','Imposta 0 per messaggi illimitati'),
	(1371,'ru-RU','Установите 0 для безлимитных сообщений'),
	(1372,'ar-AR','الحد الأقصى للرسائل في اليوم (خطة مجانية)'),
	(1372,'cs-CZ','Maximální počet zpráv za den (bezplatný tarif)'),
	(1372,'de-DE','Maximale Nachrichten pro Tag (kostenloser Plan)'),
	(1372,'en-US','Maximum messages per day (free plan)'),
	(1372,'es-ES','Máximo de mensajes por día (plan gratuito)'),
	(1372,'fr-FR','Maximum de messages par jour (plan gratuit)'),
	(1372,'it-IT','Numero massimo di messaggi al giorno (piano gratuito)'),
	(1372,'ru-RU','Максимум сообщений в день (бесплатно)'),
	(1373,'ar-AR','الحد الأقصى للرسائل لكل محادثة (خطة مميزة)'),
	(1373,'cs-CZ','Maximální počet zpráv na chat (prémiový tarif)'),
	(1373,'de-DE','Maximale Anzahl von Nachrichten pro Chat (Premium-Plan)'),
	(1373,'en-US','Maximum messages per chat (premium plan)'),
	(1373,'es-ES','Máximo de mensajes por chat (plan premium)'),
	(1373,'fr-FR','Messages maximum par chat (plan premium)'),
	(1373,'it-IT','Numero massimo di messaggi per chat (piano premium)'),
	(1373,'ru-RU','Максимум сообщений на диалог (премиум)'),
	(1374,'ar-AR','الحد الأقصى للرسائل في اليوم (خطة مميزة)'),
	(1374,'cs-CZ','Maximální počet zpráv za den (prémiový tarif)'),
	(1374,'de-DE','Maximale Nachrichten pro Tag (Premium-Plan)'),
	(1374,'en-US','Maximum messages per day (premium plan)'),
	(1374,'es-ES','Máximo de mensajes por día (plan premium)'),
	(1374,'fr-FR','Maximum de messages par jour (plan premium)'),
	(1374,'it-IT','Numero massimo di messaggi al giorno (piano premium)'),
	(1374,'ru-RU','Максимум сообщений в день (премиум)'),
	(1375,'ar-AR','الجنس'),
	(1375,'cs-CZ','Pohlaví'),
	(1375,'de-DE','Geschlecht'),
	(1375,'en-US','Sex/Gender'),
	(1375,'es-ES','Sexo/género'),
	(1375,'fr-FR','Sexe/Genre'),
	(1375,'it-IT','Sesso/Genere'),
	(1375,'ru-RU','Пол'),
	(1376,'ar-AR','لغة'),
	(1376,'cs-CZ','Národní prostředí'),
	(1376,'de-DE','Gebietsschema'),
	(1376,'en-US','Locale'),
	(1376,'es-ES','Lugar'),
	(1376,'fr-FR','Lieu'),
	(1376,'it-IT','Locale'),
	(1376,'ru-RU','Локаль'),
	(1377,'ar-AR','من العمر'),
	(1377,'cs-CZ','Od věku'),
	(1377,'de-DE','Ab dem Alter'),
	(1377,'en-US','From Age'),
	(1377,'es-ES','De edad'),
	(1377,'fr-FR','De l\'âge'),
	(1377,'it-IT','Dall\'età'),
	(1377,'ru-RU','От'),
	(1378,'ar-AR','إلى العمر'),
	(1378,'cs-CZ','Do věku'),
	(1378,'de-DE','Altern'),
	(1378,'en-US','To Age'),
	(1378,'es-ES','Envejecer'),
	(1378,'fr-FR','Vieillir'),
	(1378,'it-IT','Invecchiare'),
	(1378,'ru-RU','До'),
	(1379,'ar-AR','عشوائي'),
	(1379,'cs-CZ','Náhodný'),
	(1379,'de-DE','Zufällig'),
	(1379,'en-US','Random'),
	(1379,'es-ES','Aleatorio'),
	(1379,'fr-FR','Aléatoire'),
	(1379,'it-IT','Casuale'),
	(1379,'ru-RU','Случайно'),
	(1380,'ar-AR','مولد مزيف'),
	(1380,'cs-CZ','Falešný generátor'),
	(1380,'de-DE','Fälscht Generator'),
	(1380,'en-US','Fakes generator'),
	(1380,'es-ES','Generador de falsificaciones'),
	(1380,'fr-FR','Générateur de faux'),
	(1380,'it-IT','Generatore di falsi'),
	(1380,'ru-RU','Генератор фейков'),
	(1381,'ar-AR','إنشاء {0} مستخدم مزيف'),
	(1381,'cs-CZ','Vytvořeno {0} falešných uživatelů'),
	(1381,'de-DE','{0} gefälschte Benutzer erstellt'),
	(1381,'en-US','Created {0} fake users'),
	(1381,'es-ES','Creado {0} usuarios falsos'),
	(1381,'fr-FR','A créé {0} faux utilisateurs'),
	(1381,'it-IT','{0} utenti falsi creati'),
	(1381,'ru-RU','Создано {0} фейковых пользователей'),
	(1382,'ar-AR','عام'),
	(1382,'cs-CZ','Všeobecné'),
	(1382,'de-DE','Allgemeines'),
	(1382,'en-US','General'),
	(1382,'es-ES','General'),
	(1382,'fr-FR','Général'),
	(1382,'it-IT','Generale'),
	(1382,'ru-RU','Общее'),
	(1383,'ar-AR','افتراضي (en_US)'),
	(1383,'cs-CZ','Výchozí (en_US)'),
	(1383,'de-DE','Standard (en_US)'),
	(1383,'en-US','Default (en_US)'),
	(1383,'es-ES','Por defecto (en_US)'),
	(1383,'fr-FR','Par défaut (en_US)'),
	(1383,'it-IT','Predefinito (en_US)'),
	(1383,'ru-RU','По-умолчанию (en_US)'),
	(1384,'ar-AR','حساب'),
	(1384,'cs-CZ','Účet'),
	(1384,'de-DE','Konto'),
	(1384,'en-US','Account'),
	(1384,'es-ES','Cuenta'),
	(1384,'fr-FR','Compte'),
	(1384,'it-IT','Account'),
	(1384,'ru-RU','Аккаунт'),
	(1385,'ar-AR','أرشيف مضغوط مع ملفات jpg/jpeg'),
	(1385,'cs-CZ','ZIP archiv se soubory jpg/jpeg'),
	(1385,'de-DE','ZIP-Archiv mit JPG/JPEG-Dateien'),
	(1385,'en-US','ZIP archive with jpg/jpeg files'),
	(1385,'es-ES','Archivo ZIP con archivos jpg / jpeg'),
	(1385,'fr-FR','Archive ZIP avec fichiers jpg/jpeg'),
	(1385,'it-IT','Archivio ZIP con file jpg/jpeg'),
	(1385,'ru-RU','Zip архив с фото'),
	(1386,'ar-AR','يولد'),
	(1386,'cs-CZ','Generovat'),
	(1386,'de-DE','Generieren'),
	(1386,'en-US','Generate'),
	(1386,'es-ES','Generar'),
	(1386,'fr-FR','Produire'),
	(1386,'it-IT','Creare'),
	(1386,'ru-RU','Создать'),
	(1387,'ar-AR','الصورة الرمزية الافتراضية'),
	(1387,'cs-CZ','Výchozí avatar'),
	(1387,'de-DE','Standard-Avatar'),
	(1387,'en-US','Default avatar'),
	(1387,'es-ES','Avatar predeterminado'),
	(1387,'fr-FR','Avatar par défaut'),
	(1387,'it-IT','Avatar predefinito'),
	(1387,'ru-RU','Аватар по-умолчанию'),
	(1388,'ar-AR','تم تعيين الصور الرمزية الافتراضية'),
	(1388,'cs-CZ','Byly nastaveny výchozí avatary'),
	(1388,'de-DE','Standardavatare wurden festgelegt'),
	(1388,'en-US','Default avatars have been set'),
	(1388,'es-ES','Se han establecido avatares predeterminados'),
	(1388,'fr-FR','Les avatars par défaut ont été définis'),
	(1388,'it-IT','Sono stati impostati avatar predefiniti'),
	(1388,'ru-RU','Аватары по-умолчанию установлены'),
	(1389,'ar-AR','Use CDN instead of local files'),
	(1389,'cs-CZ','Místo místních souborů použijte CDN'),
	(1389,'de-DE','Verwenden Sie CDN anstelle lokaler Dateien'),
	(1389,'en-US','Use CDN instead of local files'),
	(1389,'es-ES','Utilice CDN en lugar de archivos locales'),
	(1389,'fr-FR','Utilisez CDN au lieu de fichiers locaux'),
	(1389,'it-IT','Usa CDN invece di file locali'),
	(1389,'ru-RU','Использовать CDN вместо локальных ассетов'),
	(1390,'ar-AR','موقع'),
	(1390,'cs-CZ','Pozice'),
	(1390,'de-DE','Position'),
	(1390,'en-US','Position'),
	(1390,'es-ES','Posición'),
	(1390,'fr-FR','Positionner'),
	(1390,'it-IT','Posizione'),
	(1390,'ru-RU','Позиция'),
	(1391,'ar-AR','قمة'),
	(1391,'cs-CZ','Horní'),
	(1391,'de-DE','Oben'),
	(1391,'en-US','Top'),
	(1391,'es-ES','Cima'),
	(1391,'fr-FR','Sommet'),
	(1391,'it-IT','Superiore'),
	(1391,'ru-RU','Вверху'),
	(1392,'ar-AR','قاع'),
	(1392,'cs-CZ','Bottom'),
	(1392,'de-DE','Unterseite'),
	(1392,'en-US','Bottom'),
	(1392,'es-ES','Fondo'),
	(1392,'fr-FR','Bas'),
	(1392,'it-IT','Parte inferiore'),
	(1392,'ru-RU','Внизу'),
	(1393,'ar-AR','أسفل اليسار'),
	(1393,'cs-CZ','Vlevo dole'),
	(1393,'de-DE','Unten links'),
	(1393,'en-US','Bottom-Left'),
	(1393,'es-ES','Abajo a la izquierda'),
	(1393,'fr-FR','En bas à gauche'),
	(1393,'it-IT','In basso a sinistra'),
	(1393,'ru-RU','Внизу-слева'),
	(1394,'ar-AR','أسفل اليمين'),
	(1394,'cs-CZ','Vpravo dole'),
	(1394,'de-DE','Unten rechts'),
	(1394,'en-US','Bottom-Right'),
	(1394,'es-ES','Abajo a la derecha'),
	(1394,'fr-FR','En bas à droite'),
	(1394,'it-IT','In basso a destra'),
	(1394,'ru-RU','Внизу-справа'),
	(1395,'ar-AR','نص الارتباط'),
	(1395,'cs-CZ','Text odkazu'),
	(1395,'de-DE','Link Text'),
	(1395,'en-US','Link text'),
	(1395,'es-ES','Texto del enlace'),
	(1395,'fr-FR','Texte du lien'),
	(1395,'it-IT','Testo del collegamento'),
	(1395,'ru-RU','Текст ссылки'),
	(1396,'ar-AR','زر كتابة'),
	(1396,'cs-CZ','Text tlačítka'),
	(1396,'de-DE','Schaltflächentext'),
	(1396,'en-US','Button text'),
	(1396,'es-ES','Botón de texto'),
	(1396,'fr-FR','Texte du bouton'),
	(1396,'it-IT','Testo del pulsante'),
	(1396,'ru-RU','Текст кнопки'),
	(1397,'ar-AR','URL السياسة'),
	(1397,'cs-CZ','URL zásad'),
	(1397,'de-DE','Richtlinien-URL'),
	(1397,'en-US','Policy URL'),
	(1397,'es-ES','URL de la política'),
	(1397,'fr-FR','URL de la politique'),
	(1397,'it-IT','URL criterio'),
	(1397,'ru-RU','Ссылка на правила'),
	(1398,'ar-AR','لون الخلفية المنبثقة'),
	(1398,'cs-CZ','Vyskakovací barva pozadí'),
	(1398,'de-DE','Popup Hintergrundfarbe'),
	(1398,'en-US','Popup background color'),
	(1398,'es-ES','Color de fondo emergente'),
	(1398,'fr-FR','Couleur d\'arrière-plan de la fenêtre contextuelle'),
	(1398,'it-IT','Colore di sfondo del popup'),
	(1398,'ru-RU','Фоновый цвет баннера'),
	(1399,'ar-AR','لون النص المنبثق'),
	(1399,'cs-CZ','Barva vyskakovacího textu'),
	(1399,'de-DE','Popup-Textfarbe'),
	(1399,'en-US','Popup text color'),
	(1399,'es-ES','Color del texto emergente'),
	(1399,'fr-FR','Couleur du texte de la fenêtre contextuelle'),
	(1399,'it-IT','Colore del testo popup'),
	(1399,'ru-RU','Цвет текста'),
	(1400,'ar-AR','لون الارتباط المنبثق'),
	(1400,'cs-CZ','Barva vyskakovacího odkazu'),
	(1400,'de-DE','Popup Link Farbe'),
	(1400,'en-US','Popup link color'),
	(1400,'es-ES','Color del enlace emergente'),
	(1400,'fr-FR','Couleur du lien contextuel'),
	(1400,'it-IT','Colore del collegamento popup'),
	(1400,'ru-RU','Цвет ссылки'),
	(1401,'ar-AR','لون خلفية الزر'),
	(1401,'cs-CZ','Barva pozadí tlačítka'),
	(1401,'de-DE','Hintergrundfarbe der Schaltfläche'),
	(1401,'en-US','Button background color'),
	(1401,'es-ES','Color de fondo del botón'),
	(1401,'fr-FR','Couleur d\'arrière-plan du bouton'),
	(1401,'it-IT','Colore di sfondo del pulsante'),
	(1401,'ru-RU','Фоновый цвет кнопки'),
	(1402,'ar-AR','لون نص الزر'),
	(1402,'cs-CZ','Barva textu tlačítka'),
	(1402,'de-DE','Schaltfläche Textfarbe'),
	(1402,'en-US','Button text color'),
	(1402,'es-ES','Color del texto del botón'),
	(1402,'fr-FR','Couleur du texte du bouton'),
	(1402,'it-IT','Colore del testo del pulsante'),
	(1402,'ru-RU','Цвет текста кнопки'),
	(1403,'ar-AR','لون حد الزر'),
	(1403,'cs-CZ','Barva ohraničení tlačítka'),
	(1403,'de-DE','Tastenrandfarbe'),
	(1403,'en-US','Button border color'),
	(1403,'es-ES','Color del borde del botón'),
	(1403,'fr-FR','Couleur de la bordure du bouton'),
	(1403,'it-IT','Colore del bordo del pulsante'),
	(1403,'ru-RU','Цвет границы кнопки'),
	(1404,'ar-AR','{{pageTitle}}'),
	(1404,'cs-CZ','{{pageTitle}}'),
	(1404,'de-DE','{{pageTitle}}'),
	(1404,'en-US','{{pageTitle}}'),
	(1404,'es-ES','{{pageTitle}}'),
	(1404,'fr-FR','{{pageTitle}}'),
	(1404,'it-IT','{{pageTitle}}'),
	(1404,'ru-RU','{{pageTitle}}'),
	(1405,'ar-AR','امتحان'),
	(1405,'cs-CZ','Test'),
	(1405,'de-DE','Test'),
	(1405,'en-US','Test'),
	(1405,'es-ES','Test'),
	(1405,'fr-FR','Test'),
	(1405,'it-IT','Test'),
	(1405,'ru-RU','Тест'),
	(1406,'ar-AR','تلقائي (يعتمد على النظام الافتراضي)'),
	(1406,'cs-CZ','Automaticky (záleží na výchozím nastavení systému)'),
	(1406,'de-DE','Auto (abhängig von der Systemvorgabe)'),
	(1406,'en-US','Auto (depends on system default)'),
	(1406,'es-ES','Automático (depende de la configuración predeterminada del sistema)'),
	(1406,'fr-FR','Auto (dépend de la valeur par défaut du système)'),
	(1406,'it-IT','Auto (dipende dalle impostazioni di sistema)'),
	(1406,'ru-RU','Авто (зависит от системы)'),
	(1407,'ar-AR','دائما وضع الضوء'),
	(1407,'cs-CZ','Vždy světelný režim'),
	(1407,'de-DE','Immer Lichtmodus'),
	(1407,'en-US','Always light mode'),
	(1407,'es-ES','Modo siempre ligero'),
	(1407,'fr-FR','Mode toujours léger'),
	(1407,'it-IT','Modalità sempre leggera'),
	(1407,'ru-RU','Всегда светлый'),
	(1408,'ar-AR','دائما الوضع المظلم'),
	(1408,'cs-CZ','Vždy tmavý režim'),
	(1408,'de-DE','Immer dunkler Modus'),
	(1408,'en-US','Always dark mode'),
	(1408,'es-ES','Modo siempre oscuro'),
	(1408,'fr-FR','Mode toujours sombre'),
	(1408,'it-IT','Modalità sempre oscura'),
	(1408,'ru-RU','Всегда темный'),
	(1409,'ar-AR','الوضع المظلم'),
	(1409,'cs-CZ','Tmavý režim'),
	(1409,'de-DE','Dunkler Modus'),
	(1409,'en-US','Dark mode'),
	(1409,'es-ES','Modo oscuro'),
	(1409,'fr-FR','Mode sombre'),
	(1409,'it-IT','Modalità scura'),
	(1409,'ru-RU','Темный режим'),
	(1410,'ar-AR','السماح للمستخدمين بتغيير الوضع المظلم'),
	(1410,'cs-CZ','Umožněte uživatelům změnit tmavý režim'),
	(1410,'de-DE','Ermöglichen Sie Benutzern, den Dunkelmodus zu ändern'),
	(1410,'en-US','Allow users to change dark mode'),
	(1410,'es-ES','Permitir a los usuarios cambiar el modo oscuro'),
	(1410,'fr-FR','Autoriser les utilisateurs à changer de mode sombre'),
	(1410,'it-IT','Consenti agli utenti di cambiare la modalità oscura'),
	(1410,'ru-RU','Разрешить пользователям менять темный режим'),
	(1411,'ar-AR','قسط فقط'),
	(1411,'cs-CZ','Pouze prémie'),
	(1411,'de-DE','Nur Premium'),
	(1411,'en-US','Premium only'),
	(1411,'es-ES','Solamente Premium'),
	(1411,'fr-FR','Premium uniquement'),
	(1411,'it-IT','Solo Premium'),
	(1411,'ru-RU','Только премиум'),
	(1412,'ar-AR','تفعيل حساب بريميوم لاستخدام معايير البحث هذه'),
	(1412,'cs-CZ','Chcete-li použít tato vyhledávací kritéria, aktivujte prémiový účet'),
	(1412,'de-DE','Aktivieren Sie das Premium-Konto, um diese Suchkriterien zu verwenden'),
	(1412,'en-US','Activate premium account to use this search criteria'),
	(1412,'es-ES','Activar cuenta premium para usar este criterio de búsqueda'),
	(1412,'fr-FR','Activez le compte premium pour utiliser ces critères de recherche'),
	(1412,'it-IT','Attiva l\'account premium per utilizzare questi criteri di ricerca'),
	(1412,'ru-RU','Активируйте премиум аккаунт для использования этого критерия поиска'),
	(1413,'ar-AR','مظهر'),
	(1413,'cs-CZ','Vzhled'),
	(1413,'de-DE','Aussehen'),
	(1413,'en-US','Appearance'),
	(1413,'es-ES','Apariencia'),
	(1413,'fr-FR','Apparence'),
	(1413,'it-IT','Aspetto'),
	(1413,'ru-RU','Темная тема'),
	(1414,'ar-AR','تم تجاوز الحد'),
	(1414,'cs-CZ','Limit překročen'),
	(1414,'de-DE','Limit überschritten'),
	(1414,'en-US','Limit exceeded'),
	(1414,'es-ES','Límite excedido'),
	(1414,'fr-FR','Limite dépassée'),
	(1414,'it-IT','Limite superato'),
	(1414,'ru-RU','Превышен лимит'),
	(1415,'ar-AR','عذرًا ، لقد قمت بالفعل بتحميل الحد الأقصى من الصور'),
	(1415,'cs-CZ','Omlouváme se, ale již jste nahráli maximální množství fotografií'),
	(1415,'de-DE','Entschuldigung, aber Sie haben bereits die maximale Anzahl an Fotos hochgeladen'),
	(1415,'en-US','Sorry, but you have already uploaded the maximum amount of photos'),
	(1415,'es-ES','Lo sentimos, pero ya subiste la cantidad máxima de fotos'),
	(1415,'fr-FR','Désolé, mais vous avez déjà téléchargé le maximum de photos'),
	(1415,'it-IT','Spiacenti, ma hai già caricato il numero massimo di foto'),
	(1415,'ru-RU','Извините, но вы загрузили максимальное допустимое количество фото'),
	(1416,'ar-AR','يمكنك تحميل ما يصل إلى {0} صورة'),
	(1416,'cs-CZ','Můžete nahrát až {0} fotografií'),
	(1416,'de-DE','Sie können bis zu {0} Fotos hochladen'),
	(1416,'en-US','You can upload up to {0} photos'),
	(1416,'es-ES','Puedes subir hasta {0} fotos'),
	(1416,'fr-FR','Vous pouvez téléverser jusqu\'à {0} photos'),
	(1416,'it-IT','Puoi caricare fino a {0} foto'),
	(1416,'ru-RU','Вы можете загрузить до {0} фото'),
	(1417,'ar-AR','لديك {0} صورة'),
	(1417,'cs-CZ','Máte {0} fotografií'),
	(1417,'de-DE','Sie haben {0} Fotos'),
	(1417,'en-US','You have {0} photos'),
	(1417,'es-ES','Tienes {0} fotos'),
	(1417,'fr-FR','Vous avez {0} photos'),
	(1417,'it-IT','Hai {0} foto'),
	(1417,'ru-RU','У вас {0} фото'),
	(1418,'ar-AR','لايوجد بيانات'),
	(1418,'cs-CZ','Žádná data'),
	(1418,'de-DE','Keine Daten'),
	(1418,'en-US','No data'),
	(1418,'es-ES','Sin datos'),
	(1418,'fr-FR','Pas de données'),
	(1418,'it-IT','Nessun dato'),
	(1418,'ru-RU','Нет данных'),
	(1419,'ar-AR','لديك رسائل جديدة'),
	(1419,'cs-CZ','Máte nové zprávy'),
	(1419,'de-DE','Sie haben neue Nachrichten'),
	(1419,'en-US','You have new messages'),
	(1419,'es-ES','Tienes nuevos mensajes'),
	(1419,'fr-FR','Vous avez de nouveaux messages'),
	(1419,'it-IT','Hai nuovi messaggi'),
	(1419,'ru-RU','Входящие сообщения'),
	(1420,'ar-AR','اعرض الرسائل'),
	(1420,'cs-CZ','Zobrazit zprávy'),
	(1420,'de-DE','Nachrichten anzeigen'),
	(1420,'en-US','View messages'),
	(1420,'es-ES','Ver mensajes'),
	(1420,'fr-FR','Afficher les messages'),
	(1420,'it-IT','Visualizza i messaggi'),
	(1420,'ru-RU','Просмотр сообщений'),
	(1421,'ar-AR','الملف الشخصي التلقائي المجاني يرتفع يوميا'),
	(1421,'cs-CZ','Zdarma každý den stoupá automatický profil'),
	(1421,'de-DE','Kostenlose automatische Profilerhöhung täglich'),
	(1421,'en-US','Free automatic profile rise up daily'),
	(1421,'es-ES','El perfil automático gratuito se levanta diariamente'),
	(1421,'fr-FR','Augmentation du profil automatique gratuite tous les jours'),
	(1421,'it-IT','Il profilo automatico gratuito si alza ogni giorno'),
	(1421,'ru-RU','Бесплатное поднятие профиля в поиске'),
	(1422,'ar-AR','معلومات الشخصي'),
	(1422,'cs-CZ','Informace o profilu'),
	(1422,'de-DE','Profil Information'),
	(1422,'en-US','Profile info'),
	(1422,'es-ES','Información de perfil'),
	(1422,'fr-FR','Informations sur le profil'),
	(1422,'it-IT','Informazioni sul profilo'),
	(1422,'ru-RU','Информация профиля'),
	(1423,'ar-AR','انظر حقول الملف الشخصي الإضافية'),
	(1423,'cs-CZ','Zobrazit další pole profilu'),
	(1423,'de-DE','Siehe zusätzliche Profilfelder'),
	(1423,'en-US','See additional profile fields'),
	(1423,'es-ES','Ver campos de perfil adicionales'),
	(1423,'fr-FR','Voir les champs de profil supplémentaires'),
	(1423,'it-IT','Vedi campi profilo aggiuntivi'),
	(1423,'ru-RU','Просматривайте все поля профиля'),
	(1424,'ar-AR','إبداءات الإعجاب الواردة'),
	(1424,'cs-CZ','Příchozí lajky'),
	(1424,'de-DE','Eingehende Likes'),
	(1424,'en-US','Incoming likes'),
	(1424,'es-ES','Me gusta entrantes'),
	(1424,'fr-FR','J\'aime entrants'),
	(1424,'it-IT','Mi piace in arrivo'),
	(1424,'ru-RU','Входящие лайки'),
	(1425,'ar-AR','انظر من أحب ملفك الشخصي'),
	(1425,'cs-CZ','Podívejte se, komu se váš profil líbil'),
	(1425,'de-DE','Sehen Sie, wem Ihr Profil gefallen hat'),
	(1425,'en-US','See who liked your profile'),
	(1425,'es-ES','Ver a quién le gustó tu perfil'),
	(1425,'fr-FR','See who liked your profile'),
	(1425,'it-IT','Guarda a chi è piaciuto il tuo profilo'),
	(1425,'ru-RU','Посмотрите, кто лайкнул ваш профиль'),
	(1426,'ar-AR','أنت بحاجة إلى حساب بريميوم لفتح هذه الصفحة'),
	(1426,'cs-CZ','K odemčení této stránky potřebujete prémiový účet'),
	(1426,'de-DE','Sie benötigen ein Premium-Konto, um diese Seite freizuschalten'),
	(1426,'en-US','You need premium account to unlock this page'),
	(1426,'es-ES','Necesita una cuenta premium para desbloquear esta página'),
	(1426,'fr-FR','You need premium account to unlock this page'),
	(1426,'it-IT','Hai bisogno di un account premium per sbloccare questa pagina'),
	(1426,'ru-RU','Вам необходим премиум аккаунт для этой страницы'),
	(1427,'ar-AR','تهانينا! {{ previousEncounter.profile.displayName }} معجب بك أيضًا!'),
	(1427,'cs-CZ','Gratulujeme! {{ previousEncounter.profile.displayName }} vás má také rád!'),
	(1427,'de-DE','Herzliche Glückwünsche! {{ previousEncounter.profile.displayName }} mag dich auch!'),
	(1427,'en-US','Congratulations! {{ previousEncounter.profile.displayName }} likes you too!'),
	(1427,'es-ES','¡Felicidades! ¡También le gustas a {{ previousEncounter.profile.displayName }}!'),
	(1427,'fr-FR','Toutes nos félicitations! {{ previousEncounter.profile.displayName }} vous aime aussi!'),
	(1427,'it-IT','Congratulazioni! Piaci anche a {{ previousEncounter.profile.displayName }}!'),
	(1427,'ru-RU','Поздравляем! {{ previousEncounter.profile.displayName }} лайкнул вас тоже!'),
	(1428,'ar-AR','{0} أو {1} لعرض الملف الشخصي بالكامل'),
	(1428,'cs-CZ','{0} nebo {1} pro zobrazení celého profilu'),
	(1428,'de-DE','{0} oder {1}, um das vollständige Profil anzuzeigen'),
	(1428,'en-US','{0} or {1} to view full profile'),
	(1428,'es-ES','{0} o {1} para ver el perfil completo'),
	(1428,'fr-FR','{0} ou {1} pour afficher le profil complet'),
	(1428,'it-IT','{0} o {1} per visualizzare il profilo completo'),
	(1428,'ru-RU','{0} или {1} чтобы просматривать весь профиль'),
	(1429,'ar-AR','إنشاء حساب'),
	(1429,'cs-CZ','Vytvořit účet'),
	(1429,'de-DE','Konto erstellen'),
	(1429,'en-US','Create account'),
	(1429,'es-ES','Crear una cuenta'),
	(1429,'fr-FR','Créer un compte'),
	(1429,'it-IT','Creare un profilo'),
	(1429,'ru-RU','Зарегистрируйтесь'),
	(1430,'ar-AR','تسجيل دخول'),
	(1430,'cs-CZ','přihlásit se'),
	(1430,'de-DE','einloggen'),
	(1430,'en-US','log in'),
	(1430,'es-ES','iniciar sesión'),
	(1430,'fr-FR','connexion'),
	(1430,'it-IT','accesso'),
	(1430,'ru-RU','войдите'),
	(1431,'ar-AR','تم حظر عنوان IP الخاص بك'),
	(1431,'cs-CZ','Vaše IP adresa byla zablokována'),
	(1431,'de-DE','Ihre IP-Adresse wurde blockiert'),
	(1431,'en-US','Your IP address has been blocked'),
	(1431,'es-ES','Tu dirección IP ha sido bloqueada'),
	(1431,'fr-FR','Votre adresse IP a été bloquée'),
	(1431,'it-IT','Il tuo indirizzo IP è stato bloccato'),
	(1431,'ru-RU','Ваш IP адрес заблокирован'),
	(1432,'ar-AR','محرم'),
	(1432,'cs-CZ','Zakázáno'),
	(1432,'de-DE','Verboten'),
	(1432,'en-US','Forbidden'),
	(1432,'es-ES','Prohibido'),
	(1432,'fr-FR','Interdit'),
	(1432,'it-IT','Vietato'),
	(1432,'ru-RU','Доступ запрещен'),
	(1433,'ar-AR','مساعدة'),
	(1433,'cs-CZ','Pomoc'),
	(1433,'de-DE','Hilfe'),
	(1433,'en-US','Help'),
	(1433,'es-ES','Ayuda'),
	(1433,'fr-FR','Aider'),
	(1433,'it-IT','Aiuto'),
	(1433,'ru-RU','Справка'),
	(1434,'ar-AR','آه ، لا توجد مساعدة حتى الآن'),
	(1434,'cs-CZ','Ah, zatím žádná pomoc'),
	(1434,'de-DE','Ah, noch keine Hilfe'),
	(1434,'en-US','Ah, no help yet'),
	(1434,'es-ES','Ah, no hay ayuda todavía'),
	(1434,'fr-FR','Ah, pas encore d\'aide'),
	(1434,'it-IT','Ah, ancora nessun aiuto'),
	(1434,'ru-RU','Ах, ничего нет'),
	(1435,'ar-AR','قريبا سيكون هناك مقالات مساعدة'),
	(1435,'cs-CZ','Brzy tam budou články nápovědy'),
	(1435,'de-DE','Bald wird es Hilfeartikel geben'),
	(1435,'en-US','Soon there will be help articles'),
	(1435,'es-ES','Pronto habrá artículos de ayuda'),
	(1435,'fr-FR','Bientôt, il y aura des articles d\'aide'),
	(1435,'it-IT','Presto ci saranno articoli di aiuto'),
	(1435,'ru-RU','Скоро тут будет информация'),
	(1436,'ar-AR','بحث مخصص'),
	(1436,'cs-CZ','Vlastní vyhledávání'),
	(1436,'de-DE','Benutzerdefinierte Suche'),
	(1436,'en-US','Custom search'),
	(1436,'es-ES','Búsqueda personalizada'),
	(1436,'fr-FR','Recherche personnalisée'),
	(1436,'it-IT','Ricerca personalizzata'),
	(1436,'ru-RU','Расширенный поиск'),
	(1437,'ar-AR','إعادة تعيين المرشحات'),
	(1437,'cs-CZ','Resetujte filtry'),
	(1437,'de-DE','Filter zurücksetzen'),
	(1437,'en-US','Reset filters'),
	(1437,'es-ES','Restablecer filtros'),
	(1437,'fr-FR','Réinitialiser les filtres'),
	(1437,'it-IT','Reimposta filtri'),
	(1437,'ru-RU','Сбросить фильтры'),
	(1438,'ar-AR','مختفي'),
	(1438,'cs-CZ','Skrytý'),
	(1438,'de-DE','Versteckt'),
	(1438,'en-US','Hidden'),
	(1438,'es-ES','Oculto'),
	(1438,'fr-FR','Caché'),
	(1438,'it-IT','Nascosto'),
	(1438,'ru-RU','Скрыто'),
	(1439,'ar-AR','اللغة الحالية: {0}'),
	(1439,'cs-CZ','Aktuální jazyk: {0}'),
	(1439,'de-DE','Aktuelle Sprache: {0}'),
	(1439,'en-US','Current language: {0}'),
	(1439,'es-ES','Idioma actual: {0}'),
	(1439,'fr-FR','Langue actuelle: {0}'),
	(1439,'it-IT','Lingua corrente: {0}'),
	(1439,'ru-RU','Текущий язык: {0}'),
	(1440,'ar-AR','فعلي'),
	(1440,'cs-CZ','aktuální'),
	(1440,'de-DE','aktuelle'),
	(1440,'en-US','current'),
	(1440,'es-ES','actual'),
	(1440,'fr-FR','actuel'),
	(1440,'it-IT','attuale'),
	(1440,'ru-RU','текущий'),
	(1441,'ar-AR','يمكن فقط للمستخدمين الذين يحبون بعضهم البعض إرسال رسائل لبعضهم البعض'),
	(1441,'cs-CZ','Pouze uživatelé, kteří se mají rádi, si mohou navzájem posílat zprávy'),
	(1441,'de-DE','Nur Benutzer, die sich mögen, können sich gegenseitig Nachrichten senden'),
	(1441,'en-US','Only users who like each other can send messages to each other'),
	(1441,'es-ES','Solo los usuarios que se gustan pueden enviarse mensajes entre ellos'),
	(1441,'fr-FR','Seuls les utilisateurs qui s\'aiment peuvent s\'envoyer des messages'),
	(1441,'it-IT','Solo gli utenti che si piacciono possono scambiarsi messaggi'),
	(1441,'ru-RU','Только пользователи с взаимной симпатией могут отправлять сообщения друг другу.'),
	(1442,'ar-AR','ائتمانات مكافأة لتسجيل الدخول'),
	(1442,'cs-CZ','Bonusové kredity za přihlášení'),
	(1442,'de-DE','Bonusguthaben für die Anmeldung'),
	(1442,'en-US','Bonus credits for login'),
	(1442,'es-ES','Créditos de bonificación por iniciar sesión'),
	(1442,'fr-FR','Crédits bonus pour la connexion'),
	(1442,'it-IT','Crediti bonus per l\'accesso'),
	(1442,'ru-RU','Бонусные кредиты при входе'),
	(1443,'ar-AR','أرصدة مكافأة لتحميل الصور'),
	(1443,'cs-CZ','Bonusové kredity za nahrávání fotografií'),
	(1443,'de-DE','Bonusguthaben für das Hochladen von Fotos'),
	(1443,'en-US','Bonus credits for uploading photos'),
	(1443,'es-ES','Créditos de bonificación por subir fotos'),
	(1443,'fr-FR','Crédits bonus pour le téléchargement de photos'),
	(1443,'it-IT','Crediti bonus per il caricamento di foto'),
	(1443,'ru-RU','Бонусные кредиты за загрузку фото'),
	(1444,'ar-AR','الاعتمادات التي قدمتها الإدارة'),
	(1444,'cs-CZ','Kredity poskytnuté správou'),
	(1444,'de-DE','Credits von der Verwaltung gegeben'),
	(1444,'en-US','Credits given by administration'),
	(1444,'es-ES','Créditos otorgados por la administración'),
	(1444,'fr-FR','Crédits accordés par l\'administration'),
	(1444,'it-IT','Crediti concessi dall\'amministrazione'),
	(1444,'ru-RU','Кредиты от администрации'),
	(1445,'ar-AR','ائتمانات مكافأة عند التسجيل'),
	(1445,'cs-CZ','Bonusové kredity při registraci'),
	(1445,'de-DE','Bonusguthaben bei der Anmeldung'),
	(1445,'en-US','Bonus credits on sign up'),
	(1445,'es-ES','Créditos de bonificación al registrarse'),
	(1445,'fr-FR','Crédits bonus lors de l\'inscription'),
	(1445,'it-IT','Crediti bonus all\'iscrizione'),
	(1445,'ru-RU','Бонусные кредиты при регистрации'),
	(1446,'ar-AR','أرصدة إضافية عند تسجيل الدخول (عودة)'),
	(1446,'cs-CZ','Bonusové kredity při přihlášení (návrat)'),
	(1446,'de-DE','Bonusguthaben beim Login (Rückgabe)'),
	(1446,'en-US','Bonus credits on login (return)'),
	(1446,'es-ES','Créditos de bonificación al iniciar sesión (regresar)'),
	(1446,'fr-FR','Crédits bonus à la connexion (retour)'),
	(1446,'it-IT','Crediti bonus all\'accesso (ritorno)'),
	(1446,'ru-RU','Бонусные кредиты при входе'),
	(1447,'ar-AR','التأخير بين تسجيل الدخول (العودة) في ساعات'),
	(1447,'cs-CZ','Zpoždění mezi přihlášením (návratem) v hodinách'),
	(1447,'de-DE','Verzögerung zwischen Anmeldung (Rückgabe) in Stunden'),
	(1447,'en-US','Delay between login (return) in hours'),
	(1447,'es-ES','Retraso entre inicio de sesión (regreso) en horas'),
	(1447,'fr-FR','Délai entre connexion (retour) en heures'),
	(1447,'it-IT','Ritardo tra l\'accesso (ritorno) in ore'),
	(1447,'ru-RU','Задержка между входом (возвратом) в часах'),
	(1448,'ar-AR','أرصدة مكافأة لكل تحميل صورة'),
	(1448,'cs-CZ','Bonusové kredity za nahrání fotografie'),
	(1448,'de-DE','Bonusguthaben pro Foto-Upload'),
	(1448,'en-US','Bonus credits per photo upload'),
	(1448,'es-ES','Créditos de bonificación por carga de foto'),
	(1448,'fr-FR','Crédits bonus par téléchargement de photo'),
	(1448,'it-IT','Crediti bonus per caricamento di foto'),
	(1448,'ru-RU','Бонусные кредиты за загрузку фото'),
	(1449,'ar-AR','المكافآت القصوى لتحميل الصور'),
	(1449,'cs-CZ','Maximální bonusy za nahrávání fotografií'),
	(1449,'de-DE','Maximale Boni für das Hochladen von Fotos'),
	(1449,'en-US','Maximum bonuses for uploading photos'),
	(1449,'es-ES','Bonificaciones máximas por subir fotos'),
	(1449,'fr-FR','Bonus maximum pour le téléchargement de photos'),
	(1449,'it-IT','Bonus massimi per il caricamento delle foto'),
	(1449,'ru-RU','Максимум бонусов для загрузку фото'),
	(1450,'ar-AR','الافتراضي: ما يصل إلى {0} صورة'),
	(1450,'cs-CZ','Výchozí: až {0} fotografií'),
	(1450,'de-DE','Standard: bis zu {0} Fotos'),
	(1450,'en-US','Default: up to {0} photos'),
	(1450,'es-ES','Predeterminado: hasta {0} fotos'),
	(1450,'fr-FR','Par défaut: jusqu\'à {0} photos'),
	(1450,'it-IT','Predefinito: fino a {0} foto'),
	(1450,'ru-RU','По-умолчанию: {0} фото'),
	(1451,'ar-AR','ائتمانات المكافأة'),
	(1451,'cs-CZ','Bonusové kredity'),
	(1451,'de-DE','Bonusguthaben'),
	(1451,'en-US','Bonus credits'),
	(1451,'es-ES','Créditos de bonificación'),
	(1451,'fr-FR','Crédits bonus'),
	(1451,'it-IT','Crediti bonus'),
	(1451,'ru-RU','Бонусные кредиты'),
	(1452,'ar-AR','تلقي إخطارات للحصول على نقاط المكافأة'),
	(1452,'cs-CZ','Dostávejte oznámení o bonusových kreditech'),
	(1452,'de-DE','Erhalten Sie Benachrichtigungen für Bonusguthaben'),
	(1452,'en-US','Receive Notifications for bonus credits'),
	(1452,'es-ES','Reciba notificaciones de créditos de bonificación'),
	(1452,'fr-FR','Recevez des notifications pour les crédits bonus'),
	(1452,'it-IT','Ricevi notifiche per crediti bonus'),
	(1452,'ru-RU','Получать уведомления о бонусных кредитах'),
	(1453,'ar-AR','تلقي أرصدة المكافآت'),
	(1453,'cs-CZ','Získané bonusové kredity'),
	(1453,'de-DE','Bonusguthaben erhalten'),
	(1453,'en-US','Bonus credits received'),
	(1453,'es-ES','Créditos de bonificación recibidos'),
	(1453,'fr-FR','Crédits bonus reçus'),
	(1453,'it-IT','Crediti bonus ricevuti'),
	(1453,'ru-RU','Получены бонусные кредиты'),
	(1454,'ar-AR','لقد تلقيت ائتمانات المكافأة.'),
	(1454,'cs-CZ','Získali jste bonusové kredity.'),
	(1454,'de-DE','Sie haben Bonusguthaben erhalten.'),
	(1454,'en-US','You have received bonus credits.'),
	(1454,'es-ES','Ha recibido créditos de bonificación.'),
	(1454,'fr-FR','Vous avez reçu des crédits bonus.'),
	(1454,'it-IT','Hai ricevuto crediti bonus.'),
	(1454,'ru-RU','Вы получили бонусные кредиты'),
	(1455,'ar-AR','من المستخدم'),
	(1455,'cs-CZ','Od uživatele'),
	(1455,'de-DE','Vom Benutzer'),
	(1455,'en-US','From User'),
	(1455,'es-ES','Del usuario'),
	(1455,'fr-FR','De l\'utilisateur'),
	(1455,'it-IT','Dall\'utente'),
	(1455,'ru-RU','От пользователя'),
	(1456,'ar-AR','اسم المستخدم. على سبيل المثال: admin'),
	(1456,'cs-CZ','Uživatelské jméno. Například: admin'),
	(1456,'de-DE','Nutzername. Zum Beispiel: admin'),
	(1456,'en-US','Username. For example: admin'),
	(1456,'es-ES','Nombre de usuario. Por ejemplo: admin'),
	(1456,'fr-FR','Nom d\'utilisateur. Par exemple: admin'),
	(1456,'it-IT','Nome utente. Ad esempio: admin'),
	(1456,'ru-RU','Имя пользователя. Например: admin'),
	(1457,'ar-AR','نص ترحيبي'),
	(1457,'cs-CZ','Uvítací text'),
	(1457,'de-DE','Willkommenstext'),
	(1457,'en-US','Welcome text'),
	(1457,'es-ES','Texto de bienvenida'),
	(1457,'fr-FR','Texte de bienvenue'),
	(1457,'it-IT','Testo di benvenuto'),
	(1457,'ru-RU','Текст приветствия'),
	(1458,'ar-AR','لا يسمح لك للقيام بهذا العمل.'),
	(1458,'cs-CZ','Tuto akci nesmíte provádět.'),
	(1458,'de-DE','Sie dürfen diese Aktion nicht ausführen.'),
	(1458,'en-US','You are not allowed to perform this action.'),
	(1458,'es-ES','No se le permite realizar esta acción.'),
	(1458,'fr-FR','Vous n\'êtes pas autorisé à effectuer cette action.'),
	(1458,'it-IT','Non sei autorizzato a eseguire questa azione.'),
	(1458,'ru-RU','Вам не разрешено выполнять это действие'),
	(1459,'ar-AR','حدث خطأ داخلي في الخادم.'),
	(1459,'cs-CZ','Došlo k interní chybě serveru.'),
	(1459,'de-DE','Ein interner Serverfehler ist aufgetreten.'),
	(1459,'en-US','An internal server error occurred.'),
	(1459,'es-ES','Ocurrió un error interno del servidor.'),
	(1459,'fr-FR','Une erreur de serveur interne s\'est produite.'),
	(1459,'it-IT','Si è verificato un errore del server interno.'),
	(1459,'ru-RU','Внутренняя ошибка сервера.'),
	(1460,'ar-AR','لقد وصلت إلى الحد اليومي للرسائل. {upgradeLink}'),
	(1460,'cs-CZ','Dosáhli jste denního limitu zpráv. {upgradeLink}'),
	(1460,'de-DE','Sie haben das tägliche Nachrichtenlimit erreicht. {upgradeLink}'),
	(1460,'en-US','You have reached daily messages limit. {upgradeLink}'),
	(1460,'es-ES','Has alcanzado el límite de mensajes diarios. {upgradeLink}'),
	(1460,'fr-FR','Vous avez atteint la limite de messages quotidiens. {upgradeLink}'),
	(1460,'it-IT','Hai raggiunto il limite di messaggi giornalieri. {upgradeLink}'),
	(1460,'ru-RU','Вы достигли лимита отправки сообщение (день). {upgradeLink}');



# Dump of table like
# ------------------------------------------------------------

CREATE TABLE `like` (
  `id` int(11) NOT NULL AUTO_INCREMENT,
  `from_user_id` int(11) NOT NULL,
  `to_user_id` int(11) NOT NULL,
  `created_at` int(11) DEFAULT NULL,
  PRIMARY KEY (`id`),
  KEY `like_from_user_idx` (`from_user_id`),
  KEY `like_to_user_idx` (`to_user_id`),
  CONSTRAINT `fk_like_from_user` FOREIGN KEY (`from_user_id`) REFERENCES `user` (`id`) ON DELETE CASCADE,
  CONSTRAINT `fk_like_to_user` FOREIGN KEY (`to_user_id`) REFERENCES `user` (`id`) ON DELETE CASCADE
) ENGINE=InnoDB DEFAULT CHARSET=utf8 COLLATE=utf8_unicode_ci;



# Dump of table log
# ------------------------------------------------------------

CREATE TABLE `log` (
  `id` bigint(20) NOT NULL AUTO_INCREMENT,
  `level` int(11) DEFAULT NULL,
  `category` varchar(255) COLLATE utf8_unicode_ci DEFAULT NULL,
  `log_time` double DEFAULT NULL,
  `prefix` text COLLATE utf8_unicode_ci,
  `message` text COLLATE utf8_unicode_ci,
  PRIMARY KEY (`id`),
  KEY `log_level_idx` (`level`),
  KEY `log_category_idx` (`category`)
) ENGINE=InnoDB DEFAULT CHARSET=utf8 COLLATE=utf8_unicode_ci;



# Dump of table message
# ------------------------------------------------------------

CREATE TABLE `message` (
  `id` bigint(20) unsigned NOT NULL AUTO_INCREMENT,
  `from_user_id` int(11) NOT NULL,
  `to_user_id` int(11) NOT NULL,
  `text` varchar(1000) CHARACTER SET utf8mb4 COLLATE utf8mb4_bin DEFAULT NULL,
  `is_new` tinyint(1) DEFAULT '1',
  `is_deleted_by_sender` tinyint(1) DEFAULT '0',
  `is_deleted_by_receiver` tinyint(1) DEFAULT '0',
  `created_at` int(11) DEFAULT NULL,
  PRIMARY KEY (`id`),
  KEY `message_from_user_idx` (`from_user_id`),
  KEY `message_to_user_idx` (`to_user_id`),
  KEY `message_is_new_idx` (`is_new`),
  KEY `message_is_deleted_by_sender_idx` (`is_deleted_by_sender`),
  KEY `message_is_deleted_by_receiver_idx` (`is_deleted_by_receiver`),
  KEY `message_idx1_idx` (`to_user_id`,`is_deleted_by_receiver`),
  KEY `message_idx2_idx` (`from_user_id`,`is_deleted_by_sender`),
  KEY `message_idx3_idx` (`from_user_id`,`to_user_id`,`is_deleted_by_receiver`),
  KEY `message_idx4_idx` (`from_user_id`,`to_user_id`,`is_deleted_by_sender`),
  CONSTRAINT `fk_message_from_user` FOREIGN KEY (`from_user_id`) REFERENCES `user` (`id`) ON DELETE CASCADE,
  CONSTRAINT `fk_message_to_user` FOREIGN KEY (`to_user_id`) REFERENCES `user` (`id`) ON DELETE CASCADE
) ENGINE=InnoDB DEFAULT CHARSET=utf8 COLLATE=utf8_unicode_ci;



# Dump of table message_attachment
# ------------------------------------------------------------

CREATE TABLE `message_attachment` (
  `id` int(11) NOT NULL AUTO_INCREMENT,
  `message_id` bigint(20) unsigned NOT NULL,
  `type` varchar(32) COLLATE utf8_unicode_ci NOT NULL,
  `data` text COLLATE utf8_unicode_ci,
  PRIMARY KEY (`id`),
  KEY `message_idx` (`message_id`),
  KEY `type` (`type`),
  CONSTRAINT `fk_message_attachment_message` FOREIGN KEY (`message_id`) REFERENCES `message` (`id`) ON DELETE CASCADE
) ENGINE=InnoDB DEFAULT CHARSET=utf8 COLLATE=utf8_unicode_ci;



# Dump of table migration
# ------------------------------------------------------------

CREATE TABLE `migration` (
  `version` varchar(180) NOT NULL,
  `apply_time` int(11) DEFAULT NULL,
  PRIMARY KEY (`version`)
) ENGINE=InnoDB DEFAULT CHARSET=utf8;


INSERT INTO `migration` (`version`, `apply_time`)
VALUES
	('m000000_000000_base',1534563611),
	('m160620_131811_vote',1582408442),
	('m160706_223457_vote_index',1582408442),
	('m160706_223500_vote_updates',1582408442),
	('m180601_120001_settings',1534563612),
	('m180601_180001_user',1534563612),
	('m180601_181001_admin',1534563612),
	('m180601_182001_photo',1534563613),
	('m180601_182010_upload',1534563613),
	('m180601_183001_profile',1534563613),
	('m180601_190001_social_account',1534563614),
	('m180601_200001_token',1534563614),
	('m180602_180001_like',1534563615),
	('m180602_190001_message',1534563616),
	('m180602_200001_report',1534563617),
	('m180602_210001_block',1534563617),
	('m180603_180001_guest',1534563618),
	('m180604_180001_balance',1534563619),
	('m180604_190001_payment_customer',1534563619),
	('m180605_180001_user_boost',1534563619),
	('m180606_180001_user_premium',1534563620),
	('m180913_180001_verification',1537087810),
	('m180917_180001_queue',1537977635),
	('m180917_190001_notification',1537977636),
	('m180917_200001_language',1537977637),
	('m180917_210001_profile_language',1537977637),
	('m180929_200353_profile_fields',1538725680),
	('m181010_200000_encounters',1539552485),
	('m181015_200000_spotlight',1540527795),
	('m181030_200000_currency',1544169336),
	('m181114_120001_log',1544169336),
	('m181114_130001_sex',1544169336),
	('m181214_080001_gift_category',1546511530),
	('m181214_090001_gift_item',1546511530),
	('m181214_100001_gift',1546511530),
	('m190110_100001_17_to_171',1549548805),
	('m190114_180001_private_photos',1549548805),
	('m190201_100001_171_to_18',1549548805),
	('m190225_102001_data_request',1558362940),
	('m190310_110001_country',1558362940),
	('m190310_120000_geoname',1558362940),
	('m190310_130000_geoname_translation',1558362940),
	('m190412_140000_message_extend',1560378814),
	('m190412_150000_message_attachment',1560378815),
	('m190731_173001_social_account_encoding',1582408443),
	('m190731_182000_news',1582408443),
	('m190810_180000_oauth',1582408443),
	('m190910_080000_group',1582408443),
	('m190910_090000_group_user',1582408443),
	('m190913_090000_group_members_count',1582408443),
	('m191015_103000_post',1582408444),
	('m191015_112000_group_post',1582408444),
	('m200115_120000_news_update',1582408444),
	('m200226_120000_messages_optimization',1586910809),
	('m200312_150000_post_attachment',1586910809),
	('m200415_150000_group_post_optimization',1586910809),
	('m200510_200000_ban',1614502025),
	('m200511_120000_order',1614502025),
	('m210116_120000_order_extend',1614502025),
	('m210117_090000_help',1614502026),
	('m210117_100000_price',1614502026),
	('m210117_110000_moderators',1614502026),
	('m210117_120000_user_tag_field',1614502026),
	('m210117_130000_searchable_fields',1614502026),
	('m210121_090000_v20',1614502026);



# Dump of table news
# ------------------------------------------------------------

CREATE TABLE `news` (
  `id` int(11) NOT NULL AUTO_INCREMENT,
  `user_id` int(11) NOT NULL,
  `is_important` tinyint(1) DEFAULT '0',
  `alias` varchar(255) COLLATE utf8_unicode_ci DEFAULT NULL,
  `title` varchar(255) COLLATE utf8_unicode_ci DEFAULT NULL,
  `status` varchar(32) COLLATE utf8_unicode_ci NOT NULL,
  `excerpt` text COLLATE utf8_unicode_ci,
  `content` text COLLATE utf8_unicode_ci,
  `photo_source` varchar(255) COLLATE utf8_unicode_ci DEFAULT NULL,
  `created_at` int(11) DEFAULT NULL,
  `updated_at` int(11) DEFAULT NULL,
  PRIMARY KEY (`id`),
  KEY `news_user_idx` (`user_id`),
  KEY `news_status_idx` (`status`),
  CONSTRAINT `fk_news_user` FOREIGN KEY (`user_id`) REFERENCES `user` (`id`) ON DELETE CASCADE
) ENGINE=InnoDB DEFAULT CHARSET=utf8 COLLATE=utf8_unicode_ci;



# Dump of table notification
# ------------------------------------------------------------

CREATE TABLE `notification` (
  `id` int(11) NOT NULL AUTO_INCREMENT,
  `class` varchar(100) COLLATE utf8_unicode_ci NOT NULL,
  `user_id` int(11) NOT NULL,
  `sender_user_id` int(11) DEFAULT NULL,
  `is_viewed` tinyint(1) NOT NULL DEFAULT '0',
  `source_class` varchar(100) COLLATE utf8_unicode_ci DEFAULT NULL,
  `source_pk` int(11) DEFAULT NULL,
  `created_at` int(11) DEFAULT NULL,
  PRIMARY KEY (`id`),
  KEY `notification_user_idx` (`user_id`),
  KEY `notification_sender_user_idx` (`sender_user_id`),
  KEY `notification_is_viewed` (`is_viewed`),
  CONSTRAINT `fk_notification_sender_user` FOREIGN KEY (`sender_user_id`) REFERENCES `user` (`id`) ON DELETE CASCADE,
  CONSTRAINT `fk_notification_user` FOREIGN KEY (`user_id`) REFERENCES `user` (`id`) ON DELETE CASCADE
) ENGINE=InnoDB DEFAULT CHARSET=utf8 COLLATE=utf8_unicode_ci;



# Dump of table oauth2_access_token
# ------------------------------------------------------------

CREATE TABLE `oauth2_access_token` (
  `access_token` varchar(40) COLLATE utf8_unicode_ci NOT NULL,
  `client_id` varchar(80) COLLATE utf8_unicode_ci NOT NULL,
  `user_id` int(11) DEFAULT NULL,
  `expires` int(11) NOT NULL,
  `scope` text COLLATE utf8_unicode_ci,
  PRIMARY KEY (`access_token`),
  KEY `fk_access_token_oauth2_client_client_id` (`client_id`),
  KEY `access_token_expires_idx` (`expires`),
  CONSTRAINT `fk_access_token_oauth2_client_client_id` FOREIGN KEY (`client_id`) REFERENCES `oauth2_client` (`client_id`) ON DELETE CASCADE ON UPDATE CASCADE
) ENGINE=InnoDB DEFAULT CHARSET=utf8 COLLATE=utf8_unicode_ci;



# Dump of table oauth2_authorization_code
# ------------------------------------------------------------

CREATE TABLE `oauth2_authorization_code` (
  `authorization_code` varchar(40) COLLATE utf8_unicode_ci NOT NULL,
  `client_id` varchar(80) COLLATE utf8_unicode_ci NOT NULL,
  `user_id` int(11) DEFAULT NULL,
  `redirect_uri` text COLLATE utf8_unicode_ci NOT NULL,
  `expires` int(11) NOT NULL,
  `scope` text COLLATE utf8_unicode_ci,
  PRIMARY KEY (`authorization_code`),
  KEY `fk_authorization_code_oauth2_client_client_id` (`client_id`),
  KEY `authorization_code_expires_idx` (`expires`),
  CONSTRAINT `fk_authorization_code_oauth2_client_client_id` FOREIGN KEY (`client_id`) REFERENCES `oauth2_client` (`client_id`) ON DELETE CASCADE ON UPDATE CASCADE
) ENGINE=InnoDB DEFAULT CHARSET=utf8 COLLATE=utf8_unicode_ci;



# Dump of table oauth2_client
# ------------------------------------------------------------

CREATE TABLE `oauth2_client` (
  `client_id` varchar(80) COLLATE utf8_unicode_ci NOT NULL,
  `client_secret` varchar(80) COLLATE utf8_unicode_ci NOT NULL,
  `redirect_uri` text COLLATE utf8_unicode_ci NOT NULL,
  `grant_type` text COLLATE utf8_unicode_ci,
  `scope` text COLLATE utf8_unicode_ci,
  `created_at` int(11) NOT NULL,
  `updated_at` int(11) NOT NULL,
  `created_by` int(11) DEFAULT NULL,
  `updated_by` int(11) DEFAULT NULL,
  PRIMARY KEY (`client_id`)
) ENGINE=InnoDB DEFAULT CHARSET=utf8 COLLATE=utf8_unicode_ci;


INSERT INTO `oauth2_client` (`client_id`, `client_secret`, `redirect_uri`, `grant_type`, `scope`, `created_at`, `updated_at`, `created_by`, `updated_by`)
VALUES
	('youdate-ionic','youdate-ionic','https://youdate-demo.hauntd.me/','client_credentials authorization_code password refresh_token',NULL,1582408443,1582408443,NULL,NULL);



# Dump of table oauth2_refresh_token
# ------------------------------------------------------------

CREATE TABLE `oauth2_refresh_token` (
  `refresh_token` varchar(40) COLLATE utf8_unicode_ci NOT NULL,
  `client_id` varchar(80) COLLATE utf8_unicode_ci NOT NULL,
  `user_id` int(11) DEFAULT NULL,
  `expires` int(11) NOT NULL,
  `scope` text COLLATE utf8_unicode_ci,
  PRIMARY KEY (`refresh_token`),
  KEY `fk_refresh_token_oauth2_client_client_id` (`client_id`),
  KEY `refresh_token_expires_idx` (`expires`),
  CONSTRAINT `fk_refresh_token_oauth2_client_client_id` FOREIGN KEY (`client_id`) REFERENCES `oauth2_client` (`client_id`) ON DELETE CASCADE ON UPDATE CASCADE
) ENGINE=InnoDB DEFAULT CHARSET=utf8 COLLATE=utf8_unicode_ci;



# Dump of table order
# ------------------------------------------------------------

CREATE TABLE `order` (
  `id` int(11) NOT NULL AUTO_INCREMENT,
  `guid` char(36) COLLATE utf8_unicode_ci NOT NULL,
  `user_id` int(11) DEFAULT NULL,
  `currency` varchar(3) COLLATE utf8_unicode_ci NOT NULL,
  `total_price` decimal(10,2) NOT NULL,
  `amount` int(11) DEFAULT '0',
  `status` varchar(32) COLLATE utf8_unicode_ci DEFAULT NULL,
  `payment_method` varchar(32) COLLATE utf8_unicode_ci DEFAULT NULL,
  `payment_id` varchar(255) COLLATE utf8_unicode_ci DEFAULT NULL,
  `data` text COLLATE utf8_unicode_ci,
  `created_at` int(11) DEFAULT NULL,
  `updated_at` int(11) DEFAULT NULL,
  `callback_at` int(11) DEFAULT NULL,
  PRIMARY KEY (`id`),
  UNIQUE KEY `order_guid_idx` (`guid`),
  KEY `order_user_idx` (`user_id`),
  KEY `order_status_idx` (`status`),
  CONSTRAINT `fk_order_user` FOREIGN KEY (`user_id`) REFERENCES `user` (`id`) ON DELETE SET NULL
) ENGINE=InnoDB DEFAULT CHARSET=utf8 COLLATE=utf8_unicode_ci;



# Dump of table payment_customer
# ------------------------------------------------------------

CREATE TABLE `payment_customer` (
  `user_id` int(11) NOT NULL AUTO_INCREMENT,
  `service` varchar(255) COLLATE utf8_unicode_ci NOT NULL,
  `data` text COLLATE utf8_unicode_ci,
  `created_at` int(11) DEFAULT NULL,
  PRIMARY KEY (`user_id`),
  KEY `payment_customer_user_idx` (`user_id`),
  CONSTRAINT `fk_payment_customer_user` FOREIGN KEY (`user_id`) REFERENCES `user` (`id`) ON DELETE CASCADE
) ENGINE=InnoDB DEFAULT CHARSET=utf8 COLLATE=utf8_unicode_ci;



# Dump of table photo
# ------------------------------------------------------------

CREATE TABLE `photo` (
  `id` int(11) NOT NULL AUTO_INCREMENT,
  `user_id` int(11) NOT NULL,
  `source` varchar(500) COLLATE utf8_unicode_ci NOT NULL,
  `width` int(11) DEFAULT NULL,
  `height` int(11) DEFAULT NULL,
  `is_verified` tinyint(1) DEFAULT '0',
  `is_private` tinyint(1) DEFAULT '0',
  `created_at` int(11) DEFAULT NULL,
  `updated_at` int(11) DEFAULT NULL,
  PRIMARY KEY (`id`),
  KEY `photo_user_idx` (`user_id`),
  KEY `photo_private_idx` (`is_private`),
  CONSTRAINT `fk_photo_user` FOREIGN KEY (`user_id`) REFERENCES `user` (`id`) ON DELETE CASCADE
) ENGINE=InnoDB DEFAULT CHARSET=utf8 COLLATE=utf8_unicode_ci;



# Dump of table photo_access
# ------------------------------------------------------------

CREATE TABLE `photo_access` (
  `id` int(11) NOT NULL AUTO_INCREMENT,
  `from_user_id` int(11) NOT NULL,
  `to_user_id` int(11) NOT NULL,
  `status` int(11) DEFAULT '0',
  `created_at` int(11) DEFAULT NULL,
  `updated_at` int(11) DEFAULT NULL,
  PRIMARY KEY (`id`),
  UNIQUE KEY `photo_access_unique_idx` (`from_user_id`,`to_user_id`),
  KEY `photo_access_from_user_idx` (`from_user_id`),
  KEY `photo_access_from_idx` (`from_user_id`),
  KEY `photo_access_to_idx` (`to_user_id`),
  CONSTRAINT `fk_photo_access_from_user` FOREIGN KEY (`from_user_id`) REFERENCES `user` (`id`) ON DELETE CASCADE,
  CONSTRAINT `fk_photo_access_to_user` FOREIGN KEY (`to_user_id`) REFERENCES `user` (`id`) ON DELETE CASCADE
) ENGINE=InnoDB DEFAULT CHARSET=utf8;



# Dump of table post
# ------------------------------------------------------------

CREATE TABLE `post` (
  `id` int(11) NOT NULL AUTO_INCREMENT,
  `user_id` int(11) DEFAULT NULL,
  `content` text COLLATE utf8_unicode_ci,
  `created_at` int(11) DEFAULT NULL,
  `updated_at` int(11) DEFAULT NULL,
  PRIMARY KEY (`id`),
  KEY `post_user_idx` (`user_id`),
  CONSTRAINT `fk_post_user` FOREIGN KEY (`user_id`) REFERENCES `user` (`id`) ON DELETE CASCADE
) ENGINE=InnoDB DEFAULT CHARSET=utf8 COLLATE=utf8_unicode_ci;



# Dump of table post_attachment
# ------------------------------------------------------------

CREATE TABLE `post_attachment` (
  `id` int(11) NOT NULL AUTO_INCREMENT,
  `post_id` int(11) NOT NULL,
  `type` varchar(32) COLLATE utf8_unicode_ci NOT NULL,
  `data` text COLLATE utf8_unicode_ci,
  PRIMARY KEY (`id`),
  KEY `post_idx` (`post_id`),
  KEY `type_idx` (`type`),
  CONSTRAINT `fk_post_attachment_post` FOREIGN KEY (`post_id`) REFERENCES `post` (`id`) ON DELETE CASCADE
) ENGINE=InnoDB DEFAULT CHARSET=utf8 COLLATE=utf8_unicode_ci;



# Dump of table price
# ------------------------------------------------------------

CREATE TABLE `price` (
  `id` int(11) NOT NULL AUTO_INCREMENT,
  `credits` int(11) NOT NULL,
  `base_price` decimal(10,2) NOT NULL,
  `discount` varchar(255) DEFAULT NULL,
  `created_at` int(11) DEFAULT NULL,
  `updated_at` int(11) DEFAULT NULL,
  PRIMARY KEY (`id`)
) ENGINE=InnoDB DEFAULT CHARSET=utf8;


INSERT INTO `price` (`id`, `credits`, `base_price`, `discount`, `created_at`, `updated_at`)
VALUES
	(1,50,5.00,NULL,1614502026,1614502026),
	(2,100,8.49,NULL,1614502026,1614502026),
	(3,250,20.00,'25%',1614502026,1614502026),
	(4,500,29.99,'35%',1614502026,1614502026);



# Dump of table profile
# ------------------------------------------------------------

CREATE TABLE `profile` (
  `user_id` int(11) NOT NULL,
  `photo_id` int(11) DEFAULT NULL,
  `name` varchar(255) COLLATE utf8_unicode_ci DEFAULT NULL,
  `description` text COLLATE utf8_unicode_ci,
  `sex` int(11) DEFAULT NULL,
  `status` int(11) DEFAULT NULL,
  `dob` date DEFAULT NULL,
  `looking_for_sex` int(11) DEFAULT NULL,
  `looking_for_from_age` int(11) DEFAULT NULL,
  `looking_for_to_age` int(11) DEFAULT NULL,
  `timezone` varchar(40) COLLATE utf8_unicode_ci DEFAULT NULL,
  `country` varchar(2) COLLATE utf8_unicode_ci DEFAULT NULL,
  `city` int(11) unsigned DEFAULT NULL,
  `latitude` decimal(10,8) DEFAULT NULL,
  `longitude` decimal(11,8) DEFAULT NULL,
  `is_verified` tinyint(1) DEFAULT '0',
  `language_id` varchar(5) COLLATE utf8_unicode_ci DEFAULT NULL,
  PRIMARY KEY (`user_id`),
  KEY `fk_profile_photo` (`photo_id`),
  KEY `profile_verified_idx` (`is_verified`),
  CONSTRAINT `fk_profile_photo` FOREIGN KEY (`photo_id`) REFERENCES `photo` (`id`) ON DELETE SET NULL ON UPDATE CASCADE,
  CONSTRAINT `fk_user_profile` FOREIGN KEY (`user_id`) REFERENCES `user` (`id`) ON DELETE CASCADE
) ENGINE=InnoDB DEFAULT CHARSET=utf8 COLLATE=utf8_unicode_ci;


INSERT INTO `profile` (`user_id`, `photo_id`, `name`, `description`, `sex`, `status`, `dob`, `looking_for_sex`, `looking_for_from_age`, `looking_for_to_age`, `timezone`, `country`, `city`, `latitude`, `longitude`, `is_verified`, `language_id`)
VALUES
	(1,NULL,NULL,NULL,NULL,0,NULL,NULL,NULL,NULL,NULL,NULL,NULL,NULL,NULL,1,NULL);



# Dump of table profile_extra
# ------------------------------------------------------------

CREATE TABLE `profile_extra` (
  `id` int(11) NOT NULL AUTO_INCREMENT,
  `user_id` int(11) NOT NULL,
  `field_id` int(11) NOT NULL,
  `value` text COLLATE utf8_unicode_ci,
  `created_at` int(11) DEFAULT NULL,
  `updated_at` int(11) DEFAULT NULL,
  PRIMARY KEY (`id`),
  UNIQUE KEY `profile_extra_user_field_idx` (`user_id`,`field_id`),
  KEY `profile_extra_user_idx` (`user_id`),
  KEY `profile_extra_type_idx` (`field_id`),
  CONSTRAINT `fk_profile_extra_field` FOREIGN KEY (`field_id`) REFERENCES `profile_field` (`id`) ON DELETE CASCADE,
  CONSTRAINT `fk_profile_extra_user` FOREIGN KEY (`user_id`) REFERENCES `user` (`id`) ON DELETE CASCADE
) ENGINE=InnoDB DEFAULT CHARSET=utf8 COLLATE=utf8_unicode_ci;


INSERT INTO `profile_extra` (`id`, `user_id`, `field_id`, `value`, `created_at`, `updated_at`)
VALUES
	(1,1,2,'',1614584738,1614584738),
	(2,1,1,'',1614584738,1614584738),
	(3,1,5,'[\"0\",\"1\",\"2\"]',1614584738,1614584738),
	(4,1,6,'0',1614584881,1614584881);



# Dump of table profile_field
# ------------------------------------------------------------

CREATE TABLE `profile_field` (
  `id` int(11) NOT NULL AUTO_INCREMENT,
  `category_id` int(11) NOT NULL,
  `field_class` varchar(255) COLLATE utf8_unicode_ci NOT NULL,
  `field_config` text COLLATE utf8_unicode_ci,
  `alias` varchar(255) COLLATE utf8_unicode_ci NOT NULL,
  `title` varchar(255) COLLATE utf8_unicode_ci NOT NULL,
  `language_category` varchar(64) COLLATE utf8_unicode_ci DEFAULT NULL,
  `sort_order` int(11) unsigned DEFAULT '100',
  `is_visible` tinyint(1) DEFAULT '1',
  `searchable` tinyint(1) DEFAULT '0',
  `searchable_premium` tinyint(1) DEFAULT '0',
  `created_at` int(11) DEFAULT NULL,
  `updated_at` int(11) DEFAULT NULL,
  PRIMARY KEY (`id`),
  UNIQUE KEY `profile_field_alias_idx` (`category_id`,`alias`),
  KEY `profile_field_visible_idx` (`is_visible`),
  KEY `profile_field_category_idx` (`category_id`),
  CONSTRAINT `fk_profile_field_category` FOREIGN KEY (`category_id`) REFERENCES `profile_field_category` (`id`) ON DELETE CASCADE
) ENGINE=InnoDB DEFAULT CHARSET=utf8 COLLATE=utf8_unicode_ci;


INSERT INTO `profile_field` (`id`, `category_id`, `field_class`, `field_config`, `alias`, `title`, `language_category`, `sort_order`, `is_visible`, `searchable`, `searchable_premium`, `created_at`, `updated_at`)
VALUES
	(1,1,'app\\models\\fields\\Number','{\"integerOnly\":\"1\",\"maxValue\":\"250\",\"minValue\":\"25\",\"prefix\":\"\",\"postfix\":\"kg\",\"required\":\"0\"}','weight','Weight','profile',1,1,1,0,1538726734,1538726734),
	(2,1,'app\\models\\fields\\Number','{\"integerOnly\":\"1\",\"maxValue\":\"250\",\"minValue\":\"50\",\"prefix\":\"\",\"postfix\":\"cm\",\"required\":\"0\"}','height','Height','profile',0,1,1,0,1538726762,1538726762),
	(3,2,'app\\models\\fields\\Text','{\"validator\":\"url\",\"minLength\":\"\",\"maxLength\":\"\",\"prefix\":\"\",\"postfix\":\"\",\"required\":\"0\"}','facebookUrl','Facebook','profile',4,1,0,0,1538726787,1538726787),
	(4,2,'app\\models\\fields\\Text','{\"validator\":\"url\",\"minLength\":\"\",\"maxLength\":\"\",\"prefix\":\"\",\"postfix\":\"\",\"required\":\"0\"}','twitterUrl','Twitter','profile',5,1,0,0,1538726805,1538726805),
	(5,1,'app\\models\\fields\\MultiSelect','{\"options\":\"Food & Drink\\r\\nMusic\\r\\nMovies and TV\\r\\nFashion\\r\\nSports\\r\\nTravel\\r\\nGames\\r\\nHobbies\\r\\nBooks\\r\\nFootball\\r\\nProfession\\r\\nParty\",\"outputType\":\"outputCustom\",\"outputFormat\":\"<span class=\\\"badge badge-primary mr-1\\\">{value}</span>\",\"required\":\"0\"}','tags','Tags','app',2,1,1,0,1614584719,1614584756),
	(6,1,'app\\models\\fields\\Select','{\"options\":\"Tea\\r\\nCoffee\\r\\nBeer\\r\\nWine\\r\\nWater\\r\\nJuice\",\"required\":\"0\"}','favoriteDrink','Favorite drink','app',3,1,1,0,1614584854,1614584854);



# Dump of table profile_field_category
# ------------------------------------------------------------

CREATE TABLE `profile_field_category` (
  `id` int(11) NOT NULL AUTO_INCREMENT,
  `alias` varchar(255) NOT NULL,
  `title` varchar(255) NOT NULL,
  `language_category` varchar(64) DEFAULT NULL,
  `sort_order` int(11) unsigned DEFAULT '100',
  `is_visible` tinyint(1) DEFAULT '1',
  `created_at` int(11) DEFAULT NULL,
  `updated_at` int(11) DEFAULT NULL,
  PRIMARY KEY (`id`),
  UNIQUE KEY `profile_field_category_alias_idx` (`alias`),
  KEY `profile_field_category_visible_idx` (`is_visible`)
) ENGINE=InnoDB DEFAULT CHARSET=utf8;


INSERT INTO `profile_field_category` (`id`, `alias`, `title`, `language_category`, `sort_order`, `is_visible`, `created_at`, `updated_at`)
VALUES
	(1,'about','About me','profile',100,1,1538726688,1538727704),
	(2,'contacts','Contacts','profile',110,1,1538726708,1538726708);



# Dump of table queue
# ------------------------------------------------------------

CREATE TABLE `queue` (
  `id` int(11) NOT NULL AUTO_INCREMENT,
  `channel` varchar(255) COLLATE utf8_unicode_ci NOT NULL,
  `job` blob NOT NULL,
  `pushed_at` int(11) NOT NULL,
  `ttr` int(11) NOT NULL,
  `delay` int(11) NOT NULL DEFAULT '0',
  `priority` int(11) unsigned NOT NULL DEFAULT '1024',
  `reserved_at` int(11) DEFAULT NULL,
  `attempt` int(11) DEFAULT NULL,
  `done_at` int(11) DEFAULT NULL,
  PRIMARY KEY (`id`),
  KEY `queue_channel_idx` (`channel`),
  KEY `queue_reserved_at_idx` (`reserved_at`),
  KEY `queue_priority_idx` (`priority`)
) ENGINE=InnoDB DEFAULT CHARSET=utf8 COLLATE=utf8_unicode_ci;



# Dump of table report
# ------------------------------------------------------------

CREATE TABLE `report` (
  `id` int(11) NOT NULL AUTO_INCREMENT,
  `from_user_id` int(11) NOT NULL,
  `reported_user_id` int(11) NOT NULL,
  `is_viewed` tinyint(1) DEFAULT '0',
  `reason` varchar(32) COLLATE utf8_unicode_ci NOT NULL,
  `description` varchar(200) COLLATE utf8_unicode_ci DEFAULT NULL,
  `created_at` int(11) DEFAULT NULL,
  PRIMARY KEY (`id`),
  UNIQUE KEY `report_unique_idx` (`from_user_id`,`reported_user_id`,`reason`),
  KEY `report_from_user_idx` (`from_user_id`),
  KEY `report_to_user_idx` (`reported_user_id`),
  KEY `report_reason_idx` (`reason`),
  KEY `report_viewed_idx` (`is_viewed`),
  CONSTRAINT `fk_report_from_user` FOREIGN KEY (`from_user_id`) REFERENCES `user` (`id`) ON DELETE CASCADE,
  CONSTRAINT `fk_report_reported_user` FOREIGN KEY (`reported_user_id`) REFERENCES `user` (`id`) ON DELETE CASCADE
) ENGINE=InnoDB DEFAULT CHARSET=utf8 COLLATE=utf8_unicode_ci;



# Dump of table setting
# ------------------------------------------------------------

CREATE TABLE `setting` (
  `category` varchar(50) COLLATE utf8_unicode_ci NOT NULL,
  `key` varchar(50) COLLATE utf8_unicode_ci NOT NULL,
  `value` text COLLATE utf8_unicode_ci,
  `created_at` int(11) DEFAULT NULL,
  `updated_at` int(11) DEFAULT NULL,
  UNIQUE KEY `settings_idx` (`category`,`key`)
) ENGINE=InnoDB DEFAULT CHARSET=utf8 COLLATE=utf8_unicode_ci;


INSERT INTO `setting` (`category`, `key`, `value`, `created_at`, `updated_at`)
VALUES
	('admin','adminMessagesOnlyActiveUsers','true',1614502026,NULL),
	('admin','adminMessagesOnlyReportedUsers','false',1614502026,NULL),
	('common','boostDuration','30',1546513737,NULL),
	('common','facebookAppId','\"\"',1549548879,1549549062),
	('common','facebookAppSecret','\"\"',1549548879,1549549062),
	('common','facebookClientId','\"\"',1549548805,NULL),
	('common','facebookClientSecret','\"\"',1549548805,NULL),
	('common','facebookEnabled','\"1\"',1549548805,1549549062),
	('common','paymentCurrency','\"USD\"',1534563773,NULL),
	('common','paymentPaypalClientId','\"\"',1534563773,NULL),
	('common','paymentPaypalClientSecret','\"\"',1534563773,NULL),
	('common','paymentPaypalEnabled','1',NULL,NULL),
	('common','paymentPaypalSandbox','\"0\"',1534563773,NULL),
	('common','paymentRate','\"10\"',1534563773,NULL),
	('common','paymentStripeEnabled','1',NULL,NULL),
	('common','paymentStripePublishableKey','\"\"',1534563773,NULL),
	('common','paymentStripeSecretKey','\"\"',1534563773,NULL),
	('common','photoMaxFiles','\"10\"',1534563763,1586911073),
	('common','photoMaxFileSize','\"2\"',1534563763,1586911073),
	('common','photoMaxHeight','\"1200\"',1586911057,1586911073),
	('common','photoMaxPerProfile','50',1614502026,NULL),
	('common','photoMaxWidth','\"1200\"',1586911057,1586911073),
	('common','photoMinHeight','\"300\"',1534563763,1586911073),
	('common','photoMinWidth','\"300\"',1534563763,1586911073),
	('common','photoModerationEnabled','\"1\"',1534563763,1586911073),
	('common','photoQuality','\"90\"',1586911057,1586911073),
	('common','premiumDuration','30',1546513737,NULL),
	('common','priceBoost','\"20\"',1534563792,1546513737),
	('common','priceGift','\"30\"',1546513737,NULL),
	('common','pricePremium','\"200\"',1534563792,1546513737),
	('common','priceSpotlight','\"50\"',NULL,1546513737),
	('common','twitterConsumerKey','\"\"',1549548805,1549549062),
	('common','twitterConsumerSecret','\"\"',1549548805,1549549062),
	('common','twitterEnabled','\"1\"',1549548805,1549549062),
	('common','vkAppId','\"\"',1549548879,1549549062),
	('common','vkAppSecret','\"\"',1549548879,1549549062),
	('common','vkEnabled','\"0\"',1549548879,1549549062),
	('frontend','siteCountry','\"\"',1586911045,NULL),
	('frontend','siteFooterCode','\"\"',1538725705,1586911045),
	('frontend','siteGroupsEnabled','true',1614502026,NULL),
	('frontend','siteHeaderCode','\"<!-- Demo: Facebook Pixel -->\\r\\n<script>\\r\\n  !function(f,b,e,v,n,t,s)\\r\\n  {if(f.fbq)return;n=f.fbq=function(){n.callMethod?\\r\\n  n.callMethod.apply(n,arguments):n.queue.push(arguments)};\\r\\n  if(!f._fbq)f._fbq=n;n.push=n;n.loaded=!0;n.version=\'2.0\';\\r\\n  n.queue=[];t=b.createElement(e);t.async=!0;\\r\\n  t.src=v;s=b.getElementsByTagName(e)[0];\\r\\n  s.parentNode.insertBefore(t,s)}(window, document,\'script\',\\r\\n  \'https://connect.facebook.net/en_US/fbevents.js\');\\r\\n  fbq(\'init\', \'637118337054292\');\\r\\n  fbq(\'track\', \'PageView\');\\r\\n</script>\\r\\n<noscript><img height=\\\"1\\\" width=\\\"1\\\" style=\\\"display:none\\\"\\r\\n  src=\\\"https://www.facebook.com/tr?id=637118337054292&ev=PageView&noscript=1\\\"\\r\\n/></noscript>\\r\\n<!-- End Facebook Pixel Code -->\"',1538725705,1586911045),
	('frontend','siteHideDirectoryFromGuests','\"0\"',1586911045,NULL),
	('frontend','siteHideGroupsFromGuests','\"0\"',1586911045,NULL),
	('frontend','siteHideUsersFromGuests','\"0\"',1539553108,1586911045),
	('frontend','siteLanguage','\"en-US\"',1538725705,1586911045),
	('frontend','siteLanguageAutodetect','\"1\"',1538725705,1586911045),
	('frontend','siteLimitSpotlight','\"0\"',1586911045,NULL),
	('frontend','siteMetaDescription','\"YouDate is a dating website\"',1534563750,1586911045),
	('frontend','siteMetaKeywords','\"youdate, dating, love\"',1534563750,1586911045),
	('frontend','siteName','\"YouDate\"',1538725705,1586911045),
	('frontend','siteOneCountryOnly','\"0\"',1586911045,NULL),
	('frontend','sitePreferUsersWithPhoto','\"0\"',1539553108,1586911045),
	('frontend','sitePremiumFeaturesEnabled','\"1\"',1534563763,1586911045),
	('frontend','siteRequireCaptcha','\"0\"',1538725705,1586911045),
	('frontend','siteRequireEmailVerification','\"1\"',1538725705,1586911045),
	('frontend','siteTimezone','\"UTC\"',1539553108,1586911045),
	('theme.youdate','adsHeader','\"<div class=\\\"alert alert-warning\\\">Header Ad</div>\"',1534563845,1538727472),
	('theme.youdate','adsSidebar','\"<div class=\\\"alert alert-warning\\\">Sidebar Ad</div>\"',1534563845,1538727472),
	('theme.youdate','darkMode','\"auto\"',1614502026,NULL),
	('theme.youdate','darkModeUserOverride','true',1614502026,NULL),
	('theme.youdate','footerHtml','\"YouDate\"',1534563845,NULL),
	('theme.youdate','homepageSubTitle','\"YouDate is a place where you can find your love or friends.\"',1534563845,1538727472),
	('theme.youdate','homepageTitle','\"Welcome to YouDate!\"',1534563845,1538727472),
	('theme.youdate','linksFacebook','\"https://facebook.com/#\"',1534563845,1538727472),
	('theme.youdate','linksTwitter','\"https://twitter.com/#\"',1534563845,1538727472),
	('theme.youdate','logoUrl','\"@themeUrl/static/images/logo@2x.png\"',1538727472,NULL),
	('user.1','receiveEmailOnGifts','1',NULL,NULL),
	('user.1','receiveEmailOnNewMessages','true',1614502026,NULL),
	('user.1','receiveEmailOnPhotoAccessAction','1',NULL,NULL),
	('user.1','receiveEmailOnPhotoAccessRequest','1',NULL,NULL),
	('user.1','receiveEmailOnPhotoView','1',NULL,NULL),
	('user.1','receiveEmailOnProfileLike','1',NULL,NULL);



# Dump of table sex
# ------------------------------------------------------------

CREATE TABLE `sex` (
  `id` int(11) NOT NULL AUTO_INCREMENT,
  `sex` int(11) DEFAULT NULL,
  `alias` varchar(64) NOT NULL,
  `title` varchar(255) NOT NULL,
  `title_plural` varchar(255) DEFAULT NULL,
  `icon` varchar(255) DEFAULT NULL,
  PRIMARY KEY (`id`),
  UNIQUE KEY `sex_alias_idx` (`alias`),
  KEY `sex_idx` (`sex`)
) ENGINE=InnoDB DEFAULT CHARSET=utf8;


INSERT INTO `sex` (`id`, `sex`, `alias`, `title`, `title_plural`, `icon`)
VALUES
	(1,1,'male','Man','Men','fa fa-male'),
	(2,2,'female','Woman','Women','fa fa-female');



# Dump of table social_account
# ------------------------------------------------------------

CREATE TABLE `social_account` (
  `id` int(11) NOT NULL AUTO_INCREMENT,
  `user_id` int(11) DEFAULT NULL,
  `provider` varchar(255) COLLATE utf8_unicode_ci NOT NULL,
  `client_id` varchar(255) COLLATE utf8_unicode_ci NOT NULL,
  `data` text CHARACTER SET utf8mb4 COLLATE utf8mb4_bin,
  `code` varchar(32) COLLATE utf8_unicode_ci DEFAULT NULL,
  `created_at` int(11) DEFAULT NULL,
  `email` varchar(255) COLLATE utf8_unicode_ci DEFAULT NULL,
  `username` varchar(255) COLLATE utf8_unicode_ci DEFAULT NULL,
  PRIMARY KEY (`id`),
  UNIQUE KEY `account_unique` (`provider`,`client_id`),
  UNIQUE KEY `account_unique_code` (`code`),
  KEY `fk_user_account` (`user_id`),
  CONSTRAINT `fk_user_account` FOREIGN KEY (`user_id`) REFERENCES `user` (`id`) ON DELETE CASCADE
) ENGINE=InnoDB DEFAULT CHARSET=utf8 COLLATE=utf8_unicode_ci;



# Dump of table spotlight
# ------------------------------------------------------------

CREATE TABLE `spotlight` (
  `id` int(11) NOT NULL AUTO_INCREMENT,
  `user_id` int(11) NOT NULL,
  `photo_id` int(11) NOT NULL,
  `message` varchar(255) DEFAULT NULL,
  `created_at` int(11) DEFAULT NULL,
  PRIMARY KEY (`id`),
  KEY `spotlight_user_idx` (`user_id`),
  KEY `spotlight_photo_idx` (`photo_id`),
  CONSTRAINT `fk_spotlight_photo` FOREIGN KEY (`photo_id`) REFERENCES `photo` (`id`) ON DELETE CASCADE,
  CONSTRAINT `fk_spotlight_user` FOREIGN KEY (`user_id`) REFERENCES `user` (`id`) ON DELETE CASCADE
) ENGINE=InnoDB DEFAULT CHARSET=utf8;



# Dump of table token
# ------------------------------------------------------------

CREATE TABLE `token` (
  `user_id` int(11) NOT NULL,
  `code` varchar(32) COLLATE utf8_unicode_ci NOT NULL,
  `created_at` int(11) NOT NULL,
  `type` smallint(6) NOT NULL,
  UNIQUE KEY `token_unique` (`user_id`,`code`,`type`),
  CONSTRAINT `fk_user_token` FOREIGN KEY (`user_id`) REFERENCES `user` (`id`) ON DELETE CASCADE
) ENGINE=InnoDB DEFAULT CHARSET=utf8 COLLATE=utf8_unicode_ci;



# Dump of table upload
# ------------------------------------------------------------

CREATE TABLE `upload` (
  `id` int(11) NOT NULL AUTO_INCREMENT,
  `path` varchar(500) COLLATE utf8_unicode_ci NOT NULL,
  `created_at` int(11) DEFAULT NULL,
  `updated_at` int(11) DEFAULT NULL,
  `user_id` int(11) DEFAULT NULL,
  PRIMARY KEY (`id`),
  KEY `upload_user_idx` (`user_id`),
  CONSTRAINT `fk_upload_user` FOREIGN KEY (`user_id`) REFERENCES `user` (`id`) ON DELETE CASCADE
) ENGINE=InnoDB DEFAULT CHARSET=utf8 COLLATE=utf8_unicode_ci;



# Dump of table user
# ------------------------------------------------------------

CREATE TABLE `user` (
  `id` int(11) NOT NULL AUTO_INCREMENT,
  `username` varchar(255) COLLATE utf8_unicode_ci NOT NULL,
  `email` varchar(255) COLLATE utf8_unicode_ci NOT NULL,
  `password_hash` varchar(60) COLLATE utf8_unicode_ci NOT NULL,
  `auth_key` varchar(32) COLLATE utf8_unicode_ci NOT NULL,
  `confirmed_at` int(11) DEFAULT NULL,
  `unconfirmed_email` varchar(255) COLLATE utf8_unicode_ci DEFAULT NULL,
  `blocked_at` int(11) DEFAULT NULL,
  `registration_ip` varchar(45) COLLATE utf8_unicode_ci DEFAULT NULL,
  `created_at` int(11) NOT NULL,
  `updated_at` int(11) NOT NULL,
  `flags` int(11) NOT NULL DEFAULT '0',
  `last_login_at` int(11) DEFAULT NULL,
  `tag` varchar(255) COLLATE utf8_unicode_ci DEFAULT NULL,
  PRIMARY KEY (`id`),
  UNIQUE KEY `user_unique_username_idx` (`username`),
  UNIQUE KEY `user_unique_email_idx` (`email`)
) ENGINE=InnoDB DEFAULT CHARSET=utf8 COLLATE=utf8_unicode_ci;


INSERT INTO `user` (`id`, `username`, `email`, `password_hash`, `auth_key`, `confirmed_at`, `unconfirmed_email`, `blocked_at`, `registration_ip`, `created_at`, `updated_at`, `flags`, `last_login_at`, `tag`)
VALUES
	(1,'admin','admin@youdate.test','$2y$10$cRbRJmaAjWVL/0hoHKg9Q.I7ScqcSvfQ8Er67Di5Rd7O9nvmGRkfi','PFzfDNtiHeClLYD8xMNRHHXfvnRDS5MA',1614502012,NULL,NULL,'127.0.0.1',1614502012,1614584719,0,1614584934,NULL);



# Dump of table user_boost
# ------------------------------------------------------------

CREATE TABLE `user_boost` (
  `user_id` int(11) NOT NULL AUTO_INCREMENT,
  `boosted_at` int(11) DEFAULT NULL,
  `boosted_until` int(11) DEFAULT NULL,
  PRIMARY KEY (`user_id`),
  KEY `user_boost_user_idx` (`user_id`),
  CONSTRAINT `fk_user_boost_user` FOREIGN KEY (`user_id`) REFERENCES `user` (`id`) ON DELETE CASCADE
) ENGINE=InnoDB DEFAULT CHARSET=utf8 COLLATE=utf8_unicode_ci;



# Dump of table user_premium
# ------------------------------------------------------------

CREATE TABLE `user_premium` (
  `user_id` int(11) NOT NULL AUTO_INCREMENT,
  `premium_until` int(11) DEFAULT NULL,
  `incognito_active` tinyint(1) DEFAULT '0',
  `show_online_status` tinyint(1) DEFAULT '1',
  `created_at` int(11) DEFAULT NULL,
  `updated_at` int(11) DEFAULT NULL,
  PRIMARY KEY (`user_id`),
  KEY `user_premium_user_idx` (`user_id`),
  CONSTRAINT `fk_user_premium_user` FOREIGN KEY (`user_id`) REFERENCES `user` (`id`) ON DELETE CASCADE
) ENGINE=InnoDB DEFAULT CHARSET=utf8 COLLATE=utf8_unicode_ci;



# Dump of table verification
# ------------------------------------------------------------

CREATE TABLE `verification` (
  `id` int(11) NOT NULL AUTO_INCREMENT,
  `user_id` int(11) NOT NULL,
  `verification_photo` varchar(500) DEFAULT NULL,
  `is_viewed` tinyint(1) DEFAULT '0',
  `created_at` int(11) DEFAULT NULL,
  `updated_at` int(11) DEFAULT NULL,
  PRIMARY KEY (`id`),
  KEY `verification_user_idx` (`user_id`),
  KEY `verification_viewed_idx` (`is_viewed`),
  CONSTRAINT `fk_verification_user` FOREIGN KEY (`user_id`) REFERENCES `user` (`id`) ON DELETE CASCADE
) ENGINE=InnoDB DEFAULT CHARSET=utf8;



# Dump of table vote
# ------------------------------------------------------------

CREATE TABLE `vote` (
  `id` int(11) NOT NULL AUTO_INCREMENT,
  `entity` int(11) unsigned NOT NULL,
  `target_id` int(11) NOT NULL,
  `user_id` int(11) DEFAULT NULL,
  `user_ip` varchar(39) NOT NULL DEFAULT '127.0.0.1',
  `value` tinyint(1) NOT NULL,
  `created_at` int(11) NOT NULL,
  PRIMARY KEY (`id`),
  KEY `vote_target_idx` (`entity`,`target_id`),
  KEY `vote_user_idx` (`user_id`),
  KEY `vote_user_ip_idx` (`user_ip`),
  KEY `vote_target_value_idx` (`entity`,`target_id`,`value`),
  KEY `vote_target_user_idx` (`entity`,`target_id`,`user_id`)
) ENGINE=InnoDB DEFAULT CHARSET=utf8;



# Dump of table vote_aggregate
# ------------------------------------------------------------

CREATE TABLE `vote_aggregate` (
  `id` int(11) NOT NULL AUTO_INCREMENT,
  `entity` int(11) unsigned NOT NULL,
  `target_id` int(11) NOT NULL,
  `positive` int(11) DEFAULT '0',
  `negative` int(11) DEFAULT '0',
  `rating` float unsigned NOT NULL DEFAULT '0',
  PRIMARY KEY (`id`),
  UNIQUE KEY `vote_aggregate_target_idx` (`entity`,`target_id`)
) ENGINE=InnoDB DEFAULT CHARSET=utf8;




